CRAN Package Check Results for Package WikidataQueryServiceR

Last updated on 2024-02-29 15:54:03 CET.

Flavor Version Tinstall Tcheck Ttotal Status Flags
r-devel-linux-x86_64-debian-clang 1.0.0 2.18 27.51 29.69 NOTE
r-devel-linux-x86_64-debian-gcc 1.0.0 1.86 21.04 22.90 NOTE
r-devel-linux-x86_64-fedora-clang 1.0.0 36.89 NOTE
r-devel-linux-x86_64-fedora-gcc 1.0.0 34.30 NOTE
r-devel-windows-x86_64 1.0.0 3.00 45.00 48.00 NOTE
r-patched-linux-x86_64 1.0.0 2.32 27.08 29.40 NOTE
r-release-linux-x86_64 1.0.0 2.16 26.85 29.01 NOTE
r-release-macos-arm64 1.0.0 19.00 NOTE
r-release-macos-x86_64 1.0.0 25.00 NOTE
r-release-windows-x86_64 1.0.0 3.00 46.00 49.00 NOTE
r-oldrel-macos-arm64 1.0.0 21.00 NOTE
r-oldrel-windows-x86_64 1.0.0 4.00 49.00 53.00 NOTE

Check Details

Version: 1.0.0
Check: LazyData
Result: NOTE 'LazyData' is specified without a 'data' directory Flavors: r-devel-linux-x86_64-debian-clang, r-devel-linux-x86_64-debian-gcc, r-devel-linux-x86_64-fedora-clang, r-devel-linux-x86_64-fedora-gcc, r-devel-windows-x86_64, r-patched-linux-x86_64, r-release-linux-x86_64, r-release-macos-arm64, r-release-macos-x86_64, r-release-windows-x86_64, r-oldrel-macos-arm64, r-oldrel-windows-x86_64