CRAN Package Check Results for Package WeibullFit

Last updated on 2023-12-09 16:49:38 CET.

Flavor Version Tinstall Tcheck Ttotal Status Flags
r-devel-linux-x86_64-debian-clang 0.1.0 8.82 59.36 68.18 NOTE
r-devel-linux-x86_64-debian-gcc 0.1.0 5.97 45.84 51.81 NOTE
r-devel-linux-x86_64-fedora-clang 0.1.0 84.56 OK
r-devel-linux-x86_64-fedora-gcc 0.1.0 82.63 OK
r-devel-windows-x86_64 0.1.0 7.00 62.00 69.00 OK
r-patched-linux-x86_64 0.1.0 6.40 58.40 64.80 OK
r-release-linux-x86_64 0.1.0 6.11 58.43 64.54 OK
r-release-macos-arm64 0.1.0 29.00 OK
r-release-macos-x86_64 0.1.0 44.00 OK
r-release-windows-x86_64 0.1.0 10.00 71.00 81.00 OK
r-oldrel-macos-arm64 0.1.0 29.00 OK
r-oldrel-macos-x86_64 0.1.0 40.00 OK
r-oldrel-windows-x86_64 0.1.0 10.00 76.00 86.00 OK

Check Details

Version: 0.1.0
Check: Rd files
Result: NOTE checkRd: (-1) busTrace.Rd:15: Lost braces 15 | /href{https://crawdad.org/coppe-ufrj/RioBuses/20180319/} | ^ Flavors: r-devel-linux-x86_64-debian-clang, r-devel-linux-x86_64-debian-gcc