CRAN Package Check Results for Package WSGeometry

Last updated on 2024-02-25 04:51:22 CET.

Flavor Version Tinstall Tcheck Ttotal Status Flags
r-devel-linux-x86_64-debian-clang 1.2.1 170.09 133.38 303.47 NOTE
r-devel-linux-x86_64-debian-gcc 1.2.1 116.26 102.09 218.35 NOTE
r-devel-linux-x86_64-fedora-clang 1.2.1 366.79 NOTE
r-devel-linux-x86_64-fedora-gcc 1.2.1 385.69 NOTE
r-devel-windows-x86_64 1.2.1 106.00 196.00 302.00 NOTE
r-patched-linux-x86_64 1.2.1 135.84 124.45 260.29 NOTE
r-release-linux-x86_64 1.2.1 142.13 123.84 265.97 NOTE
r-release-macos-arm64 1.2.1 102.00 NOTE
r-release-macos-x86_64 1.2.1 178.00 NOTE
r-release-windows-x86_64 1.2.1 136.00 171.00 307.00 NOTE
r-oldrel-macos-arm64 1.2.1 111.00 NOTE
r-oldrel-windows-x86_64 1.2.1 128.00 158.00 286.00 OK

Check Details

Version: 1.2.1
Check: C++ specification
Result: NOTE Specified C++11: please drop specification unless essential Flavors: r-devel-linux-x86_64-debian-clang, r-devel-linux-x86_64-debian-gcc, r-devel-linux-x86_64-fedora-clang, r-devel-linux-x86_64-fedora-gcc, r-devel-windows-x86_64, r-patched-linux-x86_64, r-release-linux-x86_64, r-release-macos-arm64, r-release-macos-x86_64, r-release-windows-x86_64

Version: 1.2.1
Check: installed package size
Result: NOTE installed size is 9.9Mb sub-directories of 1Mb or more: libs 9.7Mb Flavors: r-release-macos-arm64, r-release-macos-x86_64, r-oldrel-macos-arm64

Version: 1.2.1
Check: package dependencies
Result: NOTE Package suggested but not available for checking: ‘Rsymphony’ Flavor: r-release-macos-x86_64