Last updated on 2023-04-01 04:56:34 CEST.
Flavor | Version | Tinstall | Tcheck | Ttotal | Status | Flags |
---|---|---|---|---|---|---|
r-devel-linux-x86_64-debian-clang | 1.1.2 | 27.35 | 401.04 | 428.39 | OK | |
r-devel-linux-x86_64-debian-gcc | 1.1.2 | 21.22 | 292.23 | 313.45 | OK | |
r-devel-linux-x86_64-fedora-clang | 1.1.2 | 507.12 | OK | |||
r-devel-linux-x86_64-fedora-gcc | 1.1.2 | 540.93 | OK | |||
r-devel-windows-x86_64 | 1.1.2 | 74.00 | 440.00 | 514.00 | OK | |
r-patched-linux-x86_64 | 1.1.2 | 24.12 | 370.38 | 394.50 | OK | |
r-release-linux-x86_64 | 1.1.2 | 19.24 | 377.40 | 396.64 | OK | |
r-release-macos-arm64 | 1.1.2 | 150.00 | OK | |||
r-release-macos-x86_64 | 1.1.2 | 235.00 | OK | |||
r-release-windows-x86_64 | 1.1.2 | 67.00 | 429.00 | 496.00 | OK | |
r-oldrel-macos-arm64 | 1.1.2 | 250.00 | OK | |||
r-oldrel-macos-x86_64 | 1.1.2 | 222.00 | OK | |||
r-oldrel-windows-ix86+x86_64 | 1.1.2 | 56.00 | 421.00 | 477.00 | NOTE |
Version: 1.1.2
Check: R code for possible problems
Result: NOTE
Initiating curl with CURL_SSL_BACKEND: openssl
Flavor: r-oldrel-windows-ix86+x86_64