CRAN Package Check Results for Package Visualize.CRAN.Downloads

Last updated on 2020-08-13 15:51:26 CEST.

Flavor Version Tinstall Tcheck Ttotal Status Flags
r-devel-linux-x86_64-debian-clang 1.0 0.94 2.50 3.44 ERROR
r-devel-linux-x86_64-debian-gcc 1.0 5.17 35.89 41.06 OK
r-devel-linux-x86_64-fedora-clang 1.0 74.02 OK
r-devel-linux-x86_64-fedora-gcc 1.0 63.24 OK
r-devel-windows-ix86+x86_64 1.0 29.00 58.00 87.00 OK
r-patched-linux-x86_64 1.0 6.93 45.60 52.53 OK
r-patched-solaris-x86 1.0 93.30 OK
r-release-linux-x86_64 1.0 6.92 45.08 52.00 OK
r-release-macos-x86_64 1.0 OK
r-release-windows-ix86+x86_64 1.0 21.00 86.00 107.00 OK
r-oldrel-macos-x86_64 1.0 OK
r-oldrel-windows-ix86+x86_64 1.0 14.00 57.00 71.00 OK

Check Details

Version: 1.0
Check: package dependencies
Result: ERROR
    Package required but not available: 'plotly'
    
    See section 'The DESCRIPTION file' in the 'Writing R Extensions'
    manual.
Flavor: r-devel-linux-x86_64-debian-clang