CRAN Package Check Results for Package ViSiElse

Last updated on 2020-10-30 03:50:29 CET.

Flavor Version Tinstall Tcheck Ttotal Status Flags
r-devel-linux-x86_64-debian-clang 1.2.2 12.53 186.89 199.42 OK
r-devel-linux-x86_64-debian-gcc 1.2.2 11.03 136.75 147.78 OK
r-devel-linux-x86_64-fedora-clang 1.2.2 240.97 NOTE
r-devel-linux-x86_64-fedora-gcc 1.2.2 233.88 NOTE
r-devel-windows-ix86+x86_64 1.2.2 27.00 213.00 240.00 OK
r-patched-linux-x86_64 1.2.2 12.49 176.36 188.85 OK
r-patched-solaris-x86 1.2.2 292.10 NOTE
r-release-linux-x86_64 1.2.2 12.02 174.68 186.70 OK
r-release-macos-x86_64 1.2.2 NOTE
r-release-windows-ix86+x86_64 1.2.2 22.00 208.00 230.00 OK
r-oldrel-macos-x86_64 1.2.2 NOTE
r-oldrel-windows-ix86+x86_64 1.2.2 24.00 206.00 230.00 OK

Check Details

Version: 1.2.2
Check: dependencies in R code
Result: NOTE
    Namespaces in Imports field not imported from:
     ‘ggplot2’ ‘reshape2’
     All declared Imports should be used.
Flavors: r-devel-linux-x86_64-fedora-clang, r-devel-linux-x86_64-fedora-gcc, r-patched-solaris-x86, r-release-macos-x86_64, r-oldrel-macos-x86_64