Last updated on 2023-12-04 05:09:25 CET.
Flavor | Version | Tinstall | Tcheck | Ttotal | Status | Flags |
---|---|---|---|---|---|---|
r-devel-linux-x86_64-debian-clang | 2.1.3.1 | 349.43 | 175.41 | 524.84 | OK | |
r-devel-linux-x86_64-debian-gcc | 2.1.3.1 | 235.24 | 112.63 | 347.87 | OK | |
r-devel-linux-x86_64-fedora-clang | 2.1.3.1 | 762.67 | OK | |||
r-devel-linux-x86_64-fedora-gcc | 2.1.3.1 | 739.30 | OK | |||
r-devel-windows-x86_64 | 2.1.3.1 | 255.00 | 178.00 | 433.00 | OK | |
r-patched-linux-x86_64 | 2.1.3.1 | 267.01 | 145.57 | 412.58 | OK | |
r-release-linux-x86_64 | 2.1.3.1 | 280.43 | 145.86 | 426.29 | OK | |
r-release-macos-arm64 | 2.1.3.1 | 175.00 | NOTE | |||
r-release-macos-x86_64 | 2.1.3.1 | 299.00 | NOTE | |||
r-release-windows-x86_64 | 2.1.3.1 | 334.00 | 186.00 | 520.00 | OK | |
r-oldrel-macos-arm64 | 2.1.3.1 | 148.00 | NOTE | |||
r-oldrel-macos-x86_64 | 2.1.3.1 | 266.00 | NOTE | |||
r-oldrel-windows-x86_64 | 2.1.3.1 | 323.00 | 190.00 | 513.00 | OK |
Version: 2.1.3.1
Check: installed package size
Result: NOTE
installed size is 8.9Mb
sub-directories of 1Mb or more:
libs 8.1Mb
Flavors: r-release-macos-arm64, r-release-macos-x86_64, r-oldrel-macos-arm64, r-oldrel-macos-x86_64