CRAN Package Check Results for Package VIRF

Last updated on 2024-03-03 16:50:13 CET.

Flavor Version Tinstall Tcheck Ttotal Status Flags
r-devel-linux-x86_64-debian-clang 0.1.0 13.67 136.69 150.36 NOTE
r-devel-linux-x86_64-debian-gcc 0.1.0 13.50 101.28 114.78 NOTE
r-devel-linux-x86_64-fedora-clang 0.1.0 177.34 NOTE
r-devel-linux-x86_64-fedora-gcc 0.1.0 173.39 NOTE
r-devel-windows-x86_64 0.1.0 15.00 110.00 125.00 NOTE
r-patched-linux-x86_64 0.1.0 15.53 131.09 146.62 NOTE
r-release-linux-x86_64 0.1.0 14.93 128.27 143.20 NOTE
r-release-macos-arm64 0.1.0 58.00 NOTE
r-release-macos-x86_64 0.1.0 98.00 NOTE
r-release-windows-x86_64 0.1.0 20.00 131.00 151.00 NOTE
r-oldrel-macos-arm64 0.1.0 52.00 NOTE
r-oldrel-windows-x86_64 0.1.0 19.00 135.00 154.00 NOTE

Check Details

Version: 0.1.0
Check: LazyData
Result: NOTE 'LazyData' is specified without a 'data' directory Flavors: r-devel-linux-x86_64-debian-clang, r-devel-linux-x86_64-debian-gcc, r-devel-linux-x86_64-fedora-clang, r-devel-linux-x86_64-fedora-gcc, r-devel-windows-x86_64, r-patched-linux-x86_64, r-release-linux-x86_64, r-release-macos-arm64, r-release-macos-x86_64, r-release-windows-x86_64, r-oldrel-macos-arm64, r-oldrel-windows-x86_64