Last updated on 2023-10-03 05:09:38 CEST.
Flavor | Version | Tinstall | Tcheck | Ttotal | Status | Flags |
---|---|---|---|---|---|---|
r-devel-linux-x86_64-debian-clang | 6.2.2 | 39.78 | 224.00 | 263.78 | OK | |
r-devel-linux-x86_64-debian-gcc | 6.2.2 | 31.43 | 163.98 | 195.41 | OK | |
r-devel-linux-x86_64-fedora-clang | 6.2.2 | 326.93 | NOTE | |||
r-devel-linux-x86_64-fedora-gcc | 6.2.2 | 350.63 | NOTE | |||
r-devel-windows-x86_64 | 6.2.2 | 37.00 | 200.00 | 237.00 | NOTE | |
r-patched-linux-x86_64 | 6.2.2 | 41.96 | 209.54 | 251.50 | OK | |
r-release-linux-x86_64 | 6.2.2 | 40.52 | 215.47 | 255.99 | OK | |
r-release-macos-arm64 | 6.2.2 | 99.00 | NOTE | |||
r-release-macos-x86_64 | 6.2.2 | 172.00 | NOTE | |||
r-release-windows-x86_64 | 6.2.2 | 47.00 | 255.00 | 302.00 | NOTE | |
r-oldrel-macos-arm64 | 6.2.2 | 80.00 | NOTE | |||
r-oldrel-macos-x86_64 | 6.2.2 | 107.00 | NOTE | |||
r-oldrel-windows-x86_64 | 6.2.2 | 44.00 | 237.00 | 281.00 | NOTE |
Version: 6.2.2
Check: dependencies in R code
Result: NOTE
Namespace in Imports field not imported from: ‘magrittr’
All declared Imports should be used.
Flavors: r-devel-linux-x86_64-fedora-clang, r-devel-linux-x86_64-fedora-gcc, r-oldrel-macos-arm64, r-oldrel-macos-x86_64
Version: 6.2.2
Check: Rd cross-references
Result: NOTE
Undeclared package ‘mi’ in Rd xrefs
Flavor: r-devel-linux-x86_64-fedora-clang
Version: 6.2.2
Check: data for non-ASCII characters
Result: NOTE
Note: found 2754 marked UTF-8 strings
Flavors: r-devel-linux-x86_64-fedora-clang, r-devel-linux-x86_64-fedora-gcc, r-oldrel-macos-arm64, r-oldrel-macos-x86_64
Version: 6.2.2
Check: installed package size
Result: NOTE
installed size is 5.2Mb
sub-directories of 1Mb or more:
doc 2.7Mb
libs 1.0Mb
Flavors: r-devel-windows-x86_64, r-release-macos-arm64, r-release-macos-x86_64, r-release-windows-x86_64, r-oldrel-macos-arm64, r-oldrel-macos-x86_64, r-oldrel-windows-x86_64