CRAN Package Check Results for Package VDAP

Last updated on 2024-02-26 04:49:43 CET.

Flavor Version Tinstall Tcheck Ttotal Status Flags
r-devel-linux-x86_64-debian-clang 2.0.0 12.28 102.90 115.18 NOTE
r-devel-linux-x86_64-debian-gcc 2.0.0 10.15 76.62 86.77 NOTE
r-devel-linux-x86_64-fedora-clang 2.0.0 143.46 NOTE
r-devel-linux-x86_64-fedora-gcc 2.0.0 136.83 NOTE
r-devel-windows-x86_64 2.0.0 13.00 92.00 105.00 NOTE
r-patched-linux-x86_64 2.0.0 7.95 100.89 108.84 NOTE
r-release-linux-x86_64 2.0.0 10.76 100.99 111.75 NOTE
r-release-macos-arm64 2.0.0 47.00 NOTE
r-release-macos-x86_64 2.0.0 74.00 NOTE
r-release-windows-x86_64 2.0.0 14.00 119.00 133.00 NOTE
r-oldrel-macos-arm64 2.0.0 40.00 NOTE
r-oldrel-windows-x86_64 2.0.0 15.00 117.00 132.00 NOTE

Check Details

Version: 2.0.0
Check: LazyData
Result: NOTE 'LazyData' is specified without a 'data' directory Flavors: r-devel-linux-x86_64-debian-clang, r-devel-linux-x86_64-debian-gcc, r-devel-linux-x86_64-fedora-clang, r-devel-linux-x86_64-fedora-gcc, r-devel-windows-x86_64, r-patched-linux-x86_64, r-release-linux-x86_64, r-release-macos-arm64, r-release-macos-x86_64, r-release-windows-x86_64, r-oldrel-macos-arm64, r-oldrel-windows-x86_64