CRAN Package Check Results for Package UpSetVP

Last updated on 2024-03-02 16:55:00 CET.

Flavor Version Tinstall Tcheck Ttotal Status Flags
r-devel-linux-x86_64-debian-clang 1.0.0 10.25 88.54 98.79 OK
r-devel-linux-x86_64-debian-gcc 1.0.0 8.69 68.00 76.69 OK
r-devel-linux-x86_64-fedora-clang 1.0.0 126.24 OK
r-devel-linux-x86_64-fedora-gcc 1.0.0 117.69 OK
r-devel-windows-x86_64 1.0.0 10.00 81.00 91.00 OK
r-patched-linux-x86_64 1.0.0 15.28 89.27 104.55 OK
r-release-linux-x86_64 1.0.0 7.41 88.73 96.14 OK
r-release-macos-arm64 1.0.0 38.00 OK
r-release-macos-x86_64 1.0.0 59.00 NOTE
r-release-windows-x86_64 1.0.0 15.00 105.00 120.00 OK
r-oldrel-macos-arm64 1.0.0 38.00 OK
r-oldrel-windows-x86_64 1.0.0 13.00 98.00 111.00 OK

Check Details

Version: 1.0.0
Check: package dependencies
Result: NOTE Package suggested but not available for checking: ‘adespatial’ Flavor: r-release-macos-x86_64