CRAN Package Check Results for Package TwitterAutomatedTrading

Last updated on 2024-02-23 16:53:33 CET.

Flavor Version Tinstall Tcheck Ttotal Status Flags
r-devel-linux-x86_64-debian-clang 0.1.0 OK
r-devel-linux-x86_64-debian-gcc 0.1.0 11.03 86.41 97.44 OK
r-devel-linux-x86_64-fedora-clang 0.1.0 156.78 NOTE
r-devel-linux-x86_64-fedora-gcc 0.1.0 161.22 NOTE
r-devel-windows-x86_64 0.1.0 11.00 97.00 108.00 OK
r-patched-linux-x86_64 0.1.0 13.03 112.01 125.04 OK
r-release-linux-x86_64 0.1.0 8.92 110.77 119.69 OK
r-release-macos-arm64 0.1.0 54.00 OK
r-release-macos-x86_64 0.1.0 88.00 OK
r-release-windows-x86_64 0.1.0 16.00 115.00 131.00 OK
r-oldrel-macos-arm64 0.1.0 43.00 NOTE
r-oldrel-windows-x86_64 0.1.0 16.00 118.00 134.00 OK

Check Details

Version: 0.1.0
Check: data for non-ASCII characters
Result: NOTE Note: found 34 marked Latin-1 strings Flavors: r-devel-linux-x86_64-fedora-clang, r-devel-linux-x86_64-fedora-gcc, r-oldrel-macos-arm64