CRAN Package Check Results for Package TwitterAutomatedTrading

Last updated on 2020-08-07 15:49:00 CEST.

Flavor Version Tinstall Tcheck Ttotal Status Flags
r-devel-linux-x86_64-debian-clang 0.1.0 10.75 92.29 103.04 OK
r-devel-linux-x86_64-debian-gcc 0.1.0 9.57 68.72 78.29 OK
r-devel-linux-x86_64-fedora-clang 0.1.0 130.57 NOTE
r-devel-linux-x86_64-fedora-gcc 0.1.0 119.23 NOTE
r-devel-windows-ix86+x86_64 0.1.0 37.00 139.00 176.00 OK
r-patched-linux-x86_64 0.1.0 11.00 87.91 98.91 OK
r-patched-solaris-x86 0.1.0 185.80 NOTE
r-release-linux-x86_64 0.1.0 10.10 87.87 97.97 OK
r-release-macos-x86_64 0.1.0 NOTE
r-release-windows-ix86+x86_64 0.1.0 33.00 96.00 129.00 OK
r-oldrel-macos-x86_64 0.1.0 NOTE
r-oldrel-windows-ix86+x86_64 0.1.0 20.00 94.00 114.00 OK

Check Details

Version: 0.1.0
Check: data for non-ASCII characters
Result: NOTE
     Note: found 34 marked Latin-1 strings
Flavors: r-devel-linux-x86_64-fedora-clang, r-devel-linux-x86_64-fedora-gcc, r-patched-solaris-x86, r-release-macos-x86_64, r-oldrel-macos-x86_64