Last updated on 2023-12-08 05:02:20 CET.
Flavor | Version | Tinstall | Tcheck | Ttotal | Status | Flags |
---|---|---|---|---|---|---|
r-devel-linux-x86_64-debian-clang | 1.4.0 | 53.29 | 418.41 | 471.70 | OK | |
r-devel-linux-x86_64-debian-gcc | 1.4.0 | 39.38 | 311.57 | 350.95 | OK | |
r-devel-linux-x86_64-fedora-clang | 1.4.0 | 637.28 | OK | |||
r-devel-linux-x86_64-fedora-gcc | 1.4.0 | 628.07 | OK | |||
r-devel-windows-x86_64 | 1.4.0 | 47.00 | 328.00 | 375.00 | NOTE | |
r-patched-linux-x86_64 | 1.4.0 | 54.35 | 412.43 | 466.78 | OK | |
r-release-linux-x86_64 | 1.4.0 | 43.97 | 405.31 | 449.28 | OK | |
r-release-macos-arm64 | 1.4.0 | 175.00 | NOTE | |||
r-release-macos-x86_64 | 1.4.0 | 366.00 | NOTE | |||
r-release-windows-x86_64 | 1.4.0 | 66.00 | 426.00 | 492.00 | NOTE | |
r-oldrel-macos-arm64 | 1.4.0 | 155.00 | NOTE | |||
r-oldrel-macos-x86_64 | 1.4.0 | 203.00 | NOTE | |||
r-oldrel-windows-x86_64 | 1.4.0 | 64.00 | 409.00 | 473.00 | NOTE |
Version: 1.4.0
Check: installed package size
Result: NOTE
installed size is 5.6Mb
sub-directories of 1Mb or more:
datasets 1.6Mb
doc 1.3Mb
libs 1.1Mb
Flavors: r-devel-windows-x86_64, r-release-macos-arm64, r-release-macos-x86_64, r-release-windows-x86_64, r-oldrel-macos-arm64, r-oldrel-macos-x86_64, r-oldrel-windows-x86_64