CRAN Package Check Results for Package ToolsForCoDa

Last updated on 2020-08-11 15:48:55 CEST.

Flavor Version Tinstall Tcheck Ttotal Status Flags
r-devel-linux-x86_64-debian-clang 1.0.5 16.30 152.82 169.12 OK
r-devel-linux-x86_64-debian-gcc 1.0.5 0.37 1.75 2.12 ERROR
r-devel-linux-x86_64-fedora-clang 1.0.5 211.59 OK
r-devel-linux-x86_64-fedora-gcc 1.0.5 198.67 OK
r-devel-windows-ix86+x86_64 1.0.5 60.00 219.00 279.00 OK
r-patched-linux-x86_64 1.0.5 16.17 147.34 163.51 OK
r-patched-solaris-x86 1.0.5 299.10 OK
r-release-linux-x86_64 1.0.5 0.35 2.31 2.66 ERROR
r-release-macos-x86_64 1.0.5 OK
r-release-windows-ix86+x86_64 1.0.5 52.00 233.00 285.00 OK
r-oldrel-macos-x86_64 1.0.5 OK
r-oldrel-windows-ix86+x86_64 1.0.5 34.00 143.00 177.00 OK

Check Details

Version: 1.0.5
Check: package dependencies
Result: ERROR
    Package required but not available: ‘robCompositions’
    
    See section ‘The DESCRIPTION file’ in the ‘Writing R Extensions’
    manual.
Flavors: r-devel-linux-x86_64-debian-gcc, r-release-linux-x86_64