CRAN Package Check Results for Package TimeVTree

Last updated on 2024-02-26 04:49:42 CET.

Flavor Version Tinstall Tcheck Ttotal Status Flags
r-devel-linux-x86_64-debian-clang 0.3.1 6.75 90.78 97.53 NOTE
r-devel-linux-x86_64-debian-gcc 0.3.1 5.76 69.44 75.20 NOTE
r-devel-linux-x86_64-fedora-clang 0.3.1 128.02 NOTE
r-devel-linux-x86_64-fedora-gcc 0.3.1 126.97 NOTE
r-devel-windows-x86_64 0.3.1 8.00 142.00 150.00 OK
r-patched-linux-x86_64 0.3.1 5.75 89.82 95.57 OK
r-release-linux-x86_64 0.3.1 7.82 89.46 97.28 OK
r-release-macos-arm64 0.3.1 43.00 OK
r-release-macos-x86_64 0.3.1 60.00 OK
r-release-windows-x86_64 0.3.1 10.00 98.00 108.00 OK
r-oldrel-macos-arm64 0.3.1 40.00 OK
r-oldrel-windows-x86_64 0.3.1 10.00 103.00 113.00 OK

Check Details

Version: 0.3.1
Check: Rd files
Result: NOTE checkRd: (-1) alcohol.Rd:16-18: Lost braces in \itemize; meant \describe ? checkRd: (-1) alcohol.Rd:19-21: Lost braces in \itemize; meant \describe ? checkRd: (-1) alcohol.Rd:22-26: Lost braces in \itemize; meant \describe ? Flavors: r-devel-linux-x86_64-debian-clang, r-devel-linux-x86_64-debian-gcc, r-devel-linux-x86_64-fedora-clang, r-devel-linux-x86_64-fedora-gcc