Last updated on 2023-12-03 16:51:59 CET.
Flavor | Version | Tinstall | Tcheck | Ttotal | Status | Flags |
---|---|---|---|---|---|---|
r-devel-linux-x86_64-debian-clang | 0.1.3 | 14.64 | 136.42 | 151.06 | OK | |
r-devel-linux-x86_64-debian-gcc | 0.1.3 | 11.90 | 101.44 | 113.34 | OK | |
r-devel-linux-x86_64-fedora-clang | 0.1.3 | 182.99 | NOTE | |||
r-devel-linux-x86_64-fedora-gcc | 0.1.3 | 189.44 | NOTE | |||
r-devel-windows-x86_64 | 0.1.3 | 13.00 | 120.00 | 133.00 | OK | |
r-patched-linux-x86_64 | 0.1.3 | 9.23 | 126.85 | 136.08 | OK | |
r-release-linux-x86_64 | 0.1.3 | 9.17 | 126.61 | 135.78 | OK | |
r-release-macos-arm64 | 0.1.3 | 74.00 | OK | |||
r-release-macos-x86_64 | 0.1.3 | 105.00 | OK | |||
r-release-windows-x86_64 | 0.1.3 | 18.00 | 142.00 | 160.00 | OK | |
r-oldrel-macos-arm64 | 0.1.3 | 69.00 | NOTE | |||
r-oldrel-macos-x86_64 | 0.1.3 | 81.00 | NOTE | |||
r-oldrel-windows-x86_64 | 0.1.3 | 19.00 | 141.00 | 160.00 | OK |
Version: 0.1.3
Check: dependencies in R code
Result: NOTE
Namespaces in Imports field not imported from:
‘doParallel’ ‘forecast’ ‘parallel’ ‘tidyr’
All declared Imports should be used.
Flavors: r-devel-linux-x86_64-fedora-clang, r-devel-linux-x86_64-fedora-gcc, r-oldrel-macos-arm64, r-oldrel-macos-x86_64
Version: 0.1.3
Check: data for non-ASCII characters
Result: NOTE
Note: found 40 marked UTF-8 strings
Flavors: r-devel-linux-x86_64-fedora-clang, r-devel-linux-x86_64-fedora-gcc, r-oldrel-macos-arm64, r-oldrel-macos-x86_64