CRAN Package Check Results for Package TestDimorph

Last updated on 2020-08-14 03:48:02 CEST.

Flavor Version Tinstall Tcheck Ttotal Status Flags
r-devel-linux-x86_64-debian-clang 0.3.1 0.47 2.32 2.79 ERROR
r-devel-linux-x86_64-debian-gcc 0.3.1 13.38 101.75 115.13 OK
r-devel-linux-x86_64-fedora-clang 0.3.1 189.76 OK
r-devel-linux-x86_64-fedora-gcc 0.3.1 175.44 OK
r-devel-windows-ix86+x86_64 0.3.1 62.00 137.00 199.00 OK
r-patched-linux-x86_64 0.3.1 17.10 130.08 147.18 OK
r-patched-solaris-x86 0.3.1 265.30 OK
r-release-linux-x86_64 0.3.1 16.91 130.70 147.61 OK
r-release-macos-x86_64 0.3.1 OK
r-release-windows-ix86+x86_64 0.3.1 53.00 201.00 254.00 OK
r-oldrel-macos-x86_64 0.3.1 OK
r-oldrel-windows-ix86+x86_64 0.3.1 25.00 128.00 153.00 OK

Check Details

Version: 0.3.1
Check: package dependencies
Result: ERROR
    Packages required but not available: 'caret', 'tidyr'
    
    Package suggested but not available for checking: 'AnthropMMD'
    
    See section 'The DESCRIPTION file' in the 'Writing R Extensions'
    manual.
Flavor: r-devel-linux-x86_64-debian-clang