Last updated on 2023-11-30 05:51:20 CET.
Flavor | Version | Tinstall | Tcheck | Ttotal | Status | Flags |
---|---|---|---|---|---|---|
r-devel-linux-x86_64-debian-clang | 1.5.1 | 169.92 | 425.76 | 595.68 | NOTE | |
r-devel-linux-x86_64-debian-gcc | 1.5.1 | 114.55 | 310.81 | 425.36 | NOTE | |
r-devel-linux-x86_64-fedora-clang | 1.5.1 | 862.78 | NOTE | |||
r-devel-linux-x86_64-fedora-gcc | 1.5.1 | 780.58 | NOTE | |||
r-devel-windows-x86_64 | 1.5.1 | 126.00 | 351.00 | 477.00 | NOTE | |
r-patched-linux-x86_64 | 1.5.1 | 151.11 | 408.07 | 559.18 | NOTE | |
r-release-linux-x86_64 | 1.5.1 | 139.58 | 406.17 | 545.75 | NOTE | |
r-release-macos-arm64 | 1.5.1 | 192.00 | NOTE | |||
r-release-macos-x86_64 | 1.5.1 | 340.00 | NOTE | |||
r-release-windows-x86_64 | 1.5.1 | 169.00 | 452.00 | 621.00 | NOTE | |
r-oldrel-macos-arm64 | 1.5.1 | 184.00 | NOTE | |||
r-oldrel-macos-x86_64 | 1.5.1 | 247.00 | NOTE | |||
r-oldrel-windows-x86_64 | 1.5.1 | 164.00 | 437.00 | 601.00 | NOTE |
Version: 1.5.1
Check: package dependencies
Result: NOTE
Package suggested but not available for checking: ‘gurobi’
Flavors: r-devel-linux-x86_64-debian-clang, r-devel-linux-x86_64-debian-gcc, r-devel-linux-x86_64-fedora-clang, r-devel-linux-x86_64-fedora-gcc, r-devel-windows-x86_64, r-patched-linux-x86_64, r-release-linux-x86_64, r-release-macos-arm64, r-release-macos-x86_64, r-release-windows-x86_64, r-oldrel-macos-arm64, r-oldrel-macos-x86_64, r-oldrel-windows-x86_64
Version: 1.5.1
Check: Rd files
Result: NOTE
checkRd: (-1) getSolution-methods.Rd:23: Lost braces; missing escapes or markup?
23 | \item{index_only}{if \code{TRUE}, only print item indices. if \code{FALSE}, print all item attributes. (default = {TRUE})}
| ^
Flavors: r-devel-linux-x86_64-debian-clang, r-devel-linux-x86_64-debian-gcc
Version: 1.5.1
Check: installed package size
Result: NOTE
installed size is 9.0Mb
sub-directories of 1Mb or more:
libs 6.5Mb
Flavors: r-release-macos-arm64, r-release-macos-x86_64, r-oldrel-macos-arm64, r-oldrel-macos-x86_64