CRAN Package Check Results for Package TSstudio

Last updated on 2020-08-14 03:48:03 CEST.

Flavor Version Tinstall Tcheck Ttotal Status Flags
r-devel-linux-x86_64-debian-clang 0.1.6 0.75 2.52 3.27 ERROR
r-devel-linux-x86_64-debian-gcc 0.1.6 6.85 63.09 69.94 OK
r-devel-linux-x86_64-fedora-clang 0.1.6 117.41 NOTE
r-devel-linux-x86_64-fedora-gcc 0.1.6 109.39 NOTE
r-devel-windows-ix86+x86_64 0.1.6 27.00 104.00 131.00 OK
r-patched-linux-x86_64 0.1.6 7.19 83.95 91.14 OK
r-release-linux-x86_64 0.1.6 8.31 84.64 92.95 OK
r-release-macos-x86_64 0.1.6 WARN
r-release-windows-ix86+x86_64 0.1.6 23.00 147.00 170.00 OK
r-oldrel-macos-x86_64 0.1.6 WARN
r-oldrel-windows-ix86+x86_64 0.1.6 13.00 98.00 111.00 OK

Check Details

Version: 0.1.6
Check: package dependencies
Result: ERROR
    Packages required but not available: 'plotly', 'tidyr'
    
    See section 'The DESCRIPTION file' in the 'Writing R Extensions'
    manual.
Flavor: r-devel-linux-x86_64-debian-clang

Version: 0.1.6
Check: dependencies in R code
Result: NOTE
    Namespace in Imports field not imported from: ‘forecastHybrid’
     All declared Imports should be used.
Flavors: r-devel-linux-x86_64-fedora-clang, r-devel-linux-x86_64-fedora-gcc, r-release-macos-x86_64, r-oldrel-macos-x86_64

Version: 0.1.6
Check: re-building of vignette outputs
Result: WARN
    Error(s) in re-building vignettes:
     ...
    --- re-building ‘Plotting_Time_Series.Rmd’ using rmarkdown
    Warning in engine$weave(file, quiet = quiet, encoding = enc) :
     Pandoc (>= 1.12.3) and/or pandoc-citeproc not available. Falling back to R Markdown v1.
    Warning: `arrange_()` is deprecated as of dplyr 0.7.0.
    Please use `arrange()` instead.
    See vignette('programming') for more help
    This warning is displayed once every 8 hours.
    Call `lifecycle::last_warnings()` to see where this warning was generated.
    PhantomJS not found. You can install it with webshot::install_phantomjs(). If it is installed, please make sure the phantomjs executable can be found via the PATH variable.
    Warning in normalizePath(f2) :
     path[1]="webshotcb332132ed7c.png": No such file or directory
    Warning in file(con, "rb") :
     cannot open file 'webshotcb332132ed7c.png': No such file or directory
    Quitting from lines 39-44 (Plotting_Time_Series.Rmd)
    Error: processing vignette 'Plotting_Time_Series.Rmd' failed with diagnostics:
    cannot open the connection
    --- failed re-building ‘Plotting_Time_Series.Rmd’
    
    SUMMARY: processing the following file failed:
     ‘Plotting_Time_Series.Rmd’
    
    Error: Vignette re-building failed.
    Execution halted
Flavor: r-release-macos-x86_64

Version: 0.1.6
Check: re-building of vignette outputs
Result: WARN
    Error(s) in re-building vignettes:
     ...
    --- re-building ‘Plotting_Time_Series.Rmd’ using rmarkdown
    Warning in engine$weave(file, quiet = quiet, encoding = enc) :
     Pandoc (>= 1.12.3) and/or pandoc-citeproc not available. Falling back to R Markdown v1.
    PhantomJS not found. You can install it with webshot::install_phantomjs(). If it is installed, please make sure the phantomjs executable can be found via the PATH variable.
    Warning in normalizePath(f2) :
     path[1]="webshot100af396368a2.png": No such file or directory
    Warning in file(con, "rb") :
     cannot open file 'webshot100af396368a2.png': No such file or directory
    Quitting from lines 39-44 (Plotting_Time_Series.Rmd)
    Error: processing vignette 'Plotting_Time_Series.Rmd' failed with diagnostics:
    cannot open the connection
    --- failed re-building ‘Plotting_Time_Series.Rmd’
    
    SUMMARY: processing the following file failed:
     ‘Plotting_Time_Series.Rmd’
    
    Error: Vignette re-building failed.
    Execution halted
Flavor: r-oldrel-macos-x86_64