CRAN Package Check Results for Package TSTr

Last updated on 2020-08-06 15:49:50 CEST.

Flavor Version Tinstall Tcheck Ttotal Status Flags
r-devel-linux-x86_64-debian-clang 1.2 3.84 34.59 38.43 NOTE
r-devel-linux-x86_64-debian-gcc 1.2 3.11 25.96 29.07 NOTE
r-devel-linux-x86_64-fedora-clang 1.2 52.11 NOTE
r-devel-linux-x86_64-fedora-gcc 1.2 44.45 NOTE
r-devel-windows-ix86+x86_64 1.2 10.00 46.00 56.00 OK
r-patched-linux-x86_64 1.2 3.14 32.63 35.77 NOTE
r-patched-solaris-x86 1.2 67.30 NOTE
r-release-linux-x86_64 1.2 3.76 32.89 36.65 NOTE
r-release-macos-x86_64 1.2 OK
r-release-windows-ix86+x86_64 1.2 13.00 49.00 62.00 OK
r-oldrel-macos-x86_64 1.2 OK
r-oldrel-windows-ix86+x86_64 1.2 5.00 40.00 45.00 OK

Check Details

Version: 1.2
Check: for non-standard things in the check directory
Result: NOTE
    Found the following files/directories:
     'XMIwords.txt'
Flavors: r-devel-linux-x86_64-debian-clang, r-devel-linux-x86_64-debian-gcc, r-devel-linux-x86_64-fedora-clang, r-devel-linux-x86_64-fedora-gcc, r-patched-linux-x86_64, r-patched-solaris-x86, r-release-linux-x86_64