CRAN Package Check Results for Package TSGSIS

Last updated on 2024-02-26 04:49:43 CET.

Flavor Version Tinstall Tcheck Ttotal Status Flags
r-devel-linux-x86_64-debian-clang 0.1 6.59 90.32 96.91 NOTE
r-devel-linux-x86_64-debian-gcc 0.1 7.04 67.94 74.98 NOTE
r-devel-linux-x86_64-fedora-clang 0.1 116.30 NOTE
r-devel-linux-x86_64-fedora-gcc 0.1 114.22 NOTE
r-devel-windows-x86_64 0.1 8.00 82.00 90.00 NOTE
r-patched-linux-x86_64 0.1 8.85 87.48 96.33 NOTE
r-release-linux-x86_64 0.1 8.60 84.97 93.57 NOTE
r-release-macos-arm64 0.1 40.00 NOTE
r-release-macos-x86_64 0.1 65.00 NOTE
r-release-windows-x86_64 0.1 9.00 207.00 216.00 NOTE
r-oldrel-macos-arm64 0.1 33.00 NOTE
r-oldrel-windows-x86_64 0.1 11.00 150.00 161.00 NOTE

Check Details

Version: 0.1
Check: LazyData
Result: NOTE 'LazyData' is specified without a 'data' directory Flavors: r-devel-linux-x86_64-debian-clang, r-devel-linux-x86_64-debian-gcc, r-devel-linux-x86_64-fedora-clang, r-devel-linux-x86_64-fedora-gcc, r-devel-windows-x86_64, r-patched-linux-x86_64, r-release-linux-x86_64, r-release-macos-arm64, r-release-macos-x86_64, r-release-windows-x86_64, r-oldrel-macos-arm64, r-oldrel-windows-x86_64