CRAN Package Check Results for Package TPD

Last updated on 2024-02-23 16:53:33 CET.

Flavor Version Tinstall Tcheck Ttotal Status Flags
r-devel-linux-x86_64-debian-clang 1.1.0 NOTE
r-devel-linux-x86_64-debian-gcc 1.1.0 9.04 124.95 133.99 NOTE
r-devel-linux-x86_64-fedora-clang 1.1.0 213.40 NOTE
r-devel-linux-x86_64-fedora-gcc 1.1.0 219.45 NOTE
r-devel-windows-x86_64 1.1.0 11.00 145.00 156.00 NOTE
r-patched-linux-x86_64 1.1.0 12.34 164.73 177.07 NOTE
r-release-linux-x86_64 1.1.0 10.40 156.57 166.97 NOTE
r-release-macos-arm64 1.1.0 89.00 NOTE
r-release-macos-x86_64 1.1.0 122.00 NOTE
r-release-windows-x86_64 1.1.0 14.00 402.00 416.00 NOTE
r-oldrel-macos-arm64 1.1.0 68.00 NOTE
r-oldrel-windows-x86_64 1.1.0 14.00 403.00 417.00 NOTE

Check Details

Version: 1.1.0
Check: LazyData
Result: NOTE 'LazyData' is specified without a 'data' directory Flavors: r-devel-linux-x86_64-debian-clang, r-devel-linux-x86_64-debian-gcc, r-devel-linux-x86_64-fedora-clang, r-devel-linux-x86_64-fedora-gcc, r-devel-windows-x86_64, r-patched-linux-x86_64, r-release-linux-x86_64, r-release-macos-arm64, r-release-macos-x86_64, r-release-windows-x86_64, r-oldrel-macos-arm64, r-oldrel-windows-x86_64