CRAN Package Check Results for Package TOSTER

Last updated on 2020-08-11 15:48:55 CEST.

Flavor Version Tinstall Tcheck Ttotal Status Flags
r-devel-linux-x86_64-debian-clang 0.3.4 20.90 53.51 74.41 OK
r-devel-linux-x86_64-debian-gcc 0.3.4 17.31 40.43 57.74 OK
r-devel-linux-x86_64-fedora-clang 0.3.4 98.61 NOTE
r-devel-linux-x86_64-fedora-gcc 0.3.4 88.54 NOTE
r-devel-windows-ix86+x86_64 0.3.4 29.00 86.00 115.00 OK
r-patched-linux-x86_64 0.3.4 17.99 52.14 70.13 OK
r-patched-solaris-x86 0.3.4 117.30 NOTE
r-release-linux-x86_64 0.3.4 20.54 51.16 71.70 OK
r-release-macos-x86_64 0.3.4 NOTE
r-release-windows-ix86+x86_64 0.3.4 41.00 92.00 133.00 OK
r-oldrel-macos-x86_64 0.3.4 NOTE
r-oldrel-windows-ix86+x86_64 0.3.4 24.00 57.00 81.00 OK

Check Details

Version: 0.3.4
Check: dependencies in R code
Result: NOTE
    Namespaces in Imports field not imported from:
     ‘R6’ ‘jmvcore’
     All declared Imports should be used.
Flavors: r-devel-linux-x86_64-fedora-clang, r-devel-linux-x86_64-fedora-gcc, r-patched-solaris-x86, r-release-macos-x86_64, r-oldrel-macos-x86_64