CRAN Package Check Results for Package TOSI

Last updated on 2024-02-27 16:49:31 CET.

Flavor Version Tinstall Tcheck Ttotal Status Flags
r-devel-linux-x86_64-debian-clang 0.3.0 7.18 84.45 91.63 OK
r-devel-linux-x86_64-debian-gcc 0.3.0 7.48 66.69 74.17 OK
r-devel-linux-x86_64-fedora-clang 0.3.0 111.27 NOTE
r-devel-linux-x86_64-fedora-gcc 0.3.0 112.05 NOTE
r-devel-windows-x86_64 0.3.0 9.00 82.00 91.00 OK
r-patched-linux-x86_64 0.3.0 8.59 85.77 94.36 OK
r-release-linux-x86_64 0.3.0 8.42 85.19 93.61 OK
r-release-macos-arm64 0.3.0 40.00 OK
r-release-macos-x86_64 0.3.0 67.00 OK
r-release-windows-x86_64 0.3.0 10.00 134.00 144.00 OK
r-oldrel-macos-arm64 0.3.0 35.00 OK
r-oldrel-windows-x86_64 0.3.0 12.00 99.00 111.00 OK

Check Details

Version: 0.3.0
Check: dependencies in R code
Result: NOTE Namespace in Imports field not imported from: ‘hdi’ All declared Imports should be used. Flavors: r-devel-linux-x86_64-fedora-clang, r-devel-linux-x86_64-fedora-gcc