CRAN Package Check Results for Package TGS

Last updated on 2024-02-28 05:13:06 CET.

Flavor Version Tinstall Tcheck Ttotal Status Flags
r-devel-linux-x86_64-debian-clang 1.0.1 5.33 37.09 42.42 NOTE
r-devel-linux-x86_64-debian-gcc 1.0.1 3.34 28.06 31.40 NOTE
r-devel-linux-x86_64-fedora-clang 1.0.1 51.40 NOTE
r-devel-linux-x86_64-fedora-gcc 1.0.1 61.78 NOTE
r-devel-windows-x86_64 1.0.1 4.00 51.00 55.00 NOTE
r-patched-linux-x86_64 1.0.1 4.62 35.84 40.46 NOTE
r-release-linux-x86_64 1.0.1 3.74 36.21 39.95 NOTE
r-release-macos-arm64 1.0.1 27.00 NOTE
r-release-macos-x86_64 1.0.1 54.00 NOTE
r-release-windows-x86_64 1.0.1 7.00 50.00 57.00 NOTE
r-oldrel-macos-arm64 1.0.1 21.00 NOTE
r-oldrel-windows-x86_64 1.0.1 6.00 53.00 59.00 NOTE

Check Details

Version: 1.0.1
Check: LazyData
Result: NOTE 'LazyData' is specified without a 'data' directory Flavors: r-devel-linux-x86_64-debian-clang, r-devel-linux-x86_64-debian-gcc, r-devel-linux-x86_64-fedora-clang, r-devel-linux-x86_64-fedora-gcc, r-devel-windows-x86_64, r-patched-linux-x86_64, r-release-linux-x86_64, r-release-macos-arm64, r-release-macos-x86_64, r-release-windows-x86_64, r-oldrel-macos-arm64, r-oldrel-windows-x86_64

Version: 1.0.1
Check: dependencies in R code
Result: NOTE Namespace in Imports field not imported from: ‘ggm’ All declared Imports should be used. Flavors: r-devel-linux-x86_64-fedora-clang, r-devel-linux-x86_64-fedora-gcc, r-oldrel-macos-arm64