CRAN Package Check Results for Package TEAM

Last updated on 2024-02-26 04:49:42 CET.

Flavor Version Tinstall Tcheck Ttotal Status Flags
r-devel-linux-x86_64-debian-clang 0.1.0 9.49 98.43 107.92 NOTE
r-devel-linux-x86_64-debian-gcc 0.1.0 8.47 71.75 80.22 NOTE
r-devel-linux-x86_64-fedora-clang 0.1.0 130.09 NOTE
r-devel-linux-x86_64-fedora-gcc 0.1.0 125.20 NOTE
r-devel-windows-x86_64 0.1.0 10.00 85.00 95.00 NOTE
r-patched-linux-x86_64 0.1.0 11.22 94.24 105.46 NOTE
r-release-linux-x86_64 0.1.0 10.07 92.65 102.72 NOTE
r-release-macos-arm64 0.1.0 48.00 NOTE
r-release-macos-x86_64 0.1.0 68.00 NOTE
r-release-windows-x86_64 0.1.0 13.00 101.00 114.00 NOTE
r-oldrel-macos-arm64 0.1.0 40.00 NOTE
r-oldrel-windows-x86_64 0.1.0 13.00 108.00 121.00 NOTE

Check Details

Version: 0.1.0
Check: LazyData
Result: NOTE 'LazyData' is specified without a 'data' directory Flavors: r-devel-linux-x86_64-debian-clang, r-devel-linux-x86_64-debian-gcc, r-devel-linux-x86_64-fedora-clang, r-devel-linux-x86_64-fedora-gcc, r-devel-windows-x86_64, r-patched-linux-x86_64, r-release-linux-x86_64, r-release-macos-arm64, r-release-macos-x86_64, r-release-windows-x86_64, r-oldrel-macos-arm64, r-oldrel-windows-x86_64