Last updated on 2024-10-05 16:48:37 CEST.
Flavor | Version | Tinstall | Tcheck | Ttotal | Status | Flags |
---|---|---|---|---|---|---|
r-devel-linux-x86_64-debian-clang | 0.1.0 | 7.92 | 75.64 | 83.56 | OK | |
r-devel-linux-x86_64-debian-gcc | 0.1.0 | 6.22 | 53.74 | 59.96 | OK | |
r-devel-linux-x86_64-fedora-clang | 0.1.0 | 140.56 | NOTE | |||
r-devel-linux-x86_64-fedora-gcc | 0.1.0 | 132.99 | NOTE | |||
r-devel-windows-x86_64 | 0.1.0 | 10.00 | 102.00 | 112.00 | NOTE | |
r-patched-linux-x86_64 | 0.1.0 | 8.30 | 70.83 | 79.13 | NOTE | |
r-release-linux-x86_64 | 0.1.0 | 7.77 | 72.28 | 80.05 | NOTE | |
r-release-macos-arm64 | 0.1.0 | 40.00 | NOTE | |||
r-release-macos-x86_64 | 0.1.0 | 60.00 | NOTE | |||
r-release-windows-x86_64 | 0.1.0 | 11.00 | 99.00 | 110.00 | NOTE | |
r-oldrel-macos-arm64 | 0.1.0 | 48.00 | NOTE | |||
r-oldrel-macos-x86_64 | 0.1.0 | 68.00 | NOTE | |||
r-oldrel-windows-x86_64 | 0.1.0 | 12.00 | 102.00 | 114.00 | NOTE |
Version: 0.1.0
Check: LazyData
Result: NOTE
'LazyData' is specified without a 'data' directory
Flavors: r-devel-linux-x86_64-fedora-clang, r-devel-linux-x86_64-fedora-gcc, r-devel-windows-x86_64, r-patched-linux-x86_64, r-release-linux-x86_64, r-release-macos-arm64, r-release-macos-x86_64, r-release-windows-x86_64, r-oldrel-macos-arm64, r-oldrel-macos-x86_64, r-oldrel-windows-x86_64