Last updated on 2023-12-01 04:54:12 CET.
Flavor | Version | Tinstall | Tcheck | Ttotal | Status | Flags |
---|---|---|---|---|---|---|
r-devel-linux-x86_64-debian-clang | 4.1-4 | 252.21 | 215.98 | 468.19 | NOTE | |
r-devel-linux-x86_64-debian-gcc | 4.1-4 | 164.69 | 158.47 | 323.16 | NOTE | |
r-devel-linux-x86_64-fedora-clang | 4.1-4 | 654.40 | NOTE | |||
r-devel-linux-x86_64-fedora-gcc | 4.1-4 | 640.70 | NOTE | |||
r-devel-windows-x86_64 | 4.1-4 | 186.00 | 328.00 | 514.00 | NOTE | |
r-patched-linux-x86_64 | 4.1-4 | 168.38 | 205.96 | 374.34 | NOTE | |
r-release-linux-x86_64 | 4.1-4 | 205.64 | 212.20 | 417.84 | NOTE | |
r-release-macos-arm64 | 4.1-4 | 139.00 | NOTE | |||
r-release-macos-x86_64 | 4.1-4 | 253.00 | NOTE | |||
r-release-windows-x86_64 | 4.1-4 | 253.00 | 242.00 | 495.00 | NOTE | |
r-oldrel-macos-arm64 | 4.1-4 | 138.00 | NOTE | |||
r-oldrel-macos-x86_64 | 4.1-4 | 164.00 | NOTE | |||
r-oldrel-windows-x86_64 | 4.1-4 | 227.00 | 222.00 | 449.00 | OK |
Version: 4.1-4
Check: Rd \usage sections
Result: NOTE
S3 methods shown with full name in Rd file 'designMatrices.Rd':
‘print.designMatrices’
The \usage entries for S3 methods should use the \method markup and not
their full name.
See chapter ‘Writing R documentation files’ in the ‘Writing R
Extensions’ manual.
Flavors: r-devel-linux-x86_64-debian-clang, r-devel-linux-x86_64-debian-gcc, r-devel-linux-x86_64-fedora-clang, r-devel-linux-x86_64-fedora-gcc, r-devel-windows-x86_64
Version: 4.1-4
Check: Rd cross-references
Result: NOTE
Undeclared package ‘mirt’ in Rd xrefs
Flavor: r-devel-linux-x86_64-fedora-clang
Version: 4.1-4
Check: Rd \usage sections
Result: NOTE
S3 methods shown with full name in documentation object 'designMatrices':
‘print.designMatrices’
The \usage entries for S3 methods should use the \method markup and not
their full name.
See chapter ‘Writing R documentation files’ in the ‘Writing R
Extensions’ manual.
Flavors: r-patched-linux-x86_64, r-release-linux-x86_64, r-release-macos-arm64, r-release-macos-x86_64, r-release-windows-x86_64
Version: 4.1-4
Check: installed package size
Result: NOTE
installed size is 7.6Mb
sub-directories of 1Mb or more:
R 2.0Mb
libs 4.7Mb
Flavors: r-release-macos-arm64, r-release-macos-x86_64, r-oldrel-macos-arm64, r-oldrel-macos-x86_64
Version: 4.1-4
Check: package dependencies
Result: NOTE
Package suggested but not available for checking: ‘psych’
Package which this enhances but not available for checking: ‘LSAmitR’
Flavor: r-release-macos-x86_64
Version: 4.1-4
Check: Rd cross-references
Result: NOTE
Package unavailable to check Rd xrefs: ‘psych’
Flavor: r-release-macos-x86_64