CRAN Package Check Results for Package TAG

Last updated on 2023-12-10 16:51:32 CET.

Flavor Version Tinstall Tcheck Ttotal Status Flags
r-devel-linux-x86_64-debian-clang 0.5.1 38.48 92.37 130.85 NOTE
r-devel-linux-x86_64-debian-gcc 0.5.1 26.28 70.00 96.28 NOTE
r-devel-linux-x86_64-fedora-clang 0.5.1 171.94 NOTE
r-devel-linux-x86_64-fedora-gcc 0.5.1 165.59 NOTE
r-devel-windows-x86_64 0.5.1 30.00 104.00 134.00 NOTE
r-patched-linux-x86_64 0.5.1 37.06 90.94 128.00 NOTE
r-release-linux-x86_64 0.5.1 36.21 88.09 124.30 NOTE
r-release-macos-arm64 0.5.1 51.00 NOTE
r-release-macos-x86_64 0.5.1 79.00 NOTE
r-release-windows-x86_64 0.5.1 39.00 122.00 161.00 NOTE
r-oldrel-macos-arm64 0.5.1 50.00 OK
r-oldrel-macos-x86_64 0.5.1 62.00 OK
r-oldrel-windows-x86_64 0.5.1 39.00 119.00 158.00 OK

Check Details

Version: 0.5.1
Check: C++ specification
Result: NOTE Specified C++11: please drop specification unless essential Flavors: r-devel-linux-x86_64-debian-clang, r-devel-linux-x86_64-debian-gcc, r-devel-linux-x86_64-fedora-clang, r-devel-linux-x86_64-fedora-gcc, r-devel-windows-x86_64, r-patched-linux-x86_64, r-release-linux-x86_64, r-release-macos-arm64, r-release-macos-x86_64, r-release-windows-x86_64