CRAN Package Check Results for Package TAG

Last updated on 2020-08-13 15:51:24 CEST.

Flavor Version Tinstall Tcheck Ttotal Status Flags
r-devel-linux-x86_64-debian-clang 0.2.0 37.23 97.82 135.05 OK
r-devel-linux-x86_64-debian-gcc 0.2.0 28.29 74.40 102.69 OK
r-devel-linux-x86_64-fedora-clang 0.2.0 171.35 NOTE
r-devel-linux-x86_64-fedora-gcc 0.2.0 158.52 NOTE
r-devel-windows-ix86+x86_64 0.2.0 97.00 160.00 257.00 OK
r-patched-linux-x86_64 0.2.0 29.63 96.05 125.68 OK
r-patched-solaris-x86 0.2.0 208.90 NOTE
r-release-linux-x86_64 0.2.0 29.58 95.04 124.62 OK
r-release-macos-x86_64 0.2.0 NOTE
r-release-windows-ix86+x86_64 0.2.0 97.00 159.00 256.00 OK
r-oldrel-macos-x86_64 0.2.0 NOTE
r-oldrel-windows-ix86+x86_64 0.2.0 63.00 195.00 258.00 OK

Check Details

Version: 0.2.0
Check: dependencies in R code
Result: NOTE
    Namespace in Imports field not imported from: ‘doParallel’
     All declared Imports should be used.
Flavors: r-devel-linux-x86_64-fedora-clang, r-devel-linux-x86_64-fedora-gcc, r-patched-solaris-x86, r-release-macos-x86_64, r-oldrel-macos-x86_64