Last updated on 2023-12-07 04:56:39 CET.
Flavor | Version | Tinstall | Tcheck | Ttotal | Status | Flags |
---|---|---|---|---|---|---|
r-devel-linux-x86_64-debian-clang | 0.1.0 | 5.57 | 167.82 | 173.39 | NOTE | |
r-devel-linux-x86_64-debian-gcc | 0.1.0 | 3.67 | 130.12 | 133.79 | NOTE | |
r-devel-linux-x86_64-fedora-clang | 0.1.0 | 216.66 | NOTE | |||
r-devel-linux-x86_64-fedora-gcc | 0.1.0 | 230.33 | NOTE | |||
r-devel-windows-x86_64 | 0.1.0 | 7.00 | 170.00 | 177.00 | OK | |
r-patched-linux-x86_64 | 0.1.0 | 4.90 | 166.13 | 171.03 | OK | |
r-release-linux-x86_64 | 0.1.0 | 3.80 | 166.65 | 170.45 | OK | |
r-release-macos-arm64 | 0.1.0 | 92.00 | OK | |||
r-release-macos-x86_64 | 0.1.0 | 143.00 | OK | |||
r-release-windows-x86_64 | 0.1.0 | 8.00 | 215.00 | 223.00 | OK | |
r-oldrel-macos-arm64 | 0.1.0 | 97.00 | NOTE | |||
r-oldrel-macos-x86_64 | 0.1.0 | 98.00 | NOTE | |||
r-oldrel-windows-x86_64 | 0.1.0 | 8.00 | 207.00 | 215.00 | OK |
Version: 0.1.0
Check: Rd files
Result: NOTE
checkRd: (-1) create_synthetic_example.Rd:10: Lost braces in \itemize; meant \describe ?
checkRd: (-1) create_synthetic_example.Rd:11: Lost braces in \itemize; meant \describe ?
checkRd: (-1) create_synthetic_example.Rd:12: Lost braces in \itemize; meant \describe ?
checkRd: (-1) initial_estimates_example.Rd:10: Lost braces in \itemize; meant \describe ?
checkRd: (-1) initial_estimates_example.Rd:11: Lost braces in \itemize; meant \describe ?
checkRd: (-1) initial_estimates_example.Rd:12: Lost braces in \itemize; meant \describe ?
Flavors: r-devel-linux-x86_64-debian-clang, r-devel-linux-x86_64-debian-gcc
Version: 0.1.0
Check: dependencies in R code
Result: NOTE
Namespaces in Imports field not imported from:
‘MASS’ ‘StackImpute’ ‘arm’ ‘boot’ ‘broom’ ‘knitr’ ‘mvtnorm’
‘randomForest’
All declared Imports should be used.
Flavors: r-devel-linux-x86_64-fedora-clang, r-devel-linux-x86_64-fedora-gcc, r-oldrel-macos-arm64, r-oldrel-macos-x86_64