CRAN Package Check Results for Package SurvTrunc

Last updated on 2024-02-24 16:48:35 CET.

Flavor Version Tinstall Tcheck Ttotal Status Flags
r-devel-linux-x86_64-debian-clang 0.2.0 7.35 69.60 76.95 NOTE
r-devel-linux-x86_64-debian-gcc 0.2.0 7.49 53.70 61.19 NOTE
r-devel-linux-x86_64-fedora-clang 0.2.0 99.62 NOTE
r-devel-linux-x86_64-fedora-gcc 0.2.0 100.03 NOTE
r-devel-windows-x86_64 0.2.0 7.00 73.00 80.00 OK
r-patched-linux-x86_64 0.2.0 8.06 70.24 78.30 OK
r-release-linux-x86_64 0.2.0 9.14 69.42 78.56 OK
r-release-macos-arm64 0.2.0 34.00 OK
r-release-macos-x86_64 0.2.0 50.00 OK
r-release-windows-x86_64 0.2.0 10.00 77.00 87.00 OK
r-oldrel-macos-arm64 0.2.0 32.00 OK
r-oldrel-windows-x86_64 0.2.0 10.00 88.00 98.00 OK

Check Details

Version: 0.2.0
Check: Rd files
Result: NOTE checkRd: (-1) coxDT.Rd:76: Lost braces; missing escapes or markup? 76 | The estimation procedure here is performed using coxph {survival} and inserting these estimated | ^ Flavors: r-devel-linux-x86_64-debian-clang, r-devel-linux-x86_64-debian-gcc, r-devel-linux-x86_64-fedora-clang, r-devel-linux-x86_64-fedora-gcc