CRAN Package Check Results for Package SurvMI

Last updated on 2024-02-26 04:49:41 CET.

Flavor Version Tinstall Tcheck Ttotal Status Flags
r-devel-linux-x86_64-debian-clang 0.1.0 9.66 96.46 106.12 NOTE
r-devel-linux-x86_64-debian-gcc 0.1.0 6.12 72.29 78.41 NOTE
r-devel-linux-x86_64-fedora-clang 0.1.0 129.54 NOTE
r-devel-linux-x86_64-fedora-gcc 0.1.0 127.91 NOTE
r-devel-windows-x86_64 0.1.0 8.00 98.00 106.00 NOTE
r-patched-linux-x86_64 0.1.0 8.28 94.99 103.27 NOTE
r-release-linux-x86_64 0.1.0 9.27 94.95 104.22 NOTE
r-release-macos-arm64 0.1.0 43.00 NOTE
r-release-macos-x86_64 0.1.0 66.00 NOTE
r-release-windows-x86_64 0.1.0 11.00 101.00 112.00 NOTE
r-oldrel-macos-arm64 0.1.0 36.00 NOTE
r-oldrel-windows-x86_64 0.1.0 11.00 107.00 118.00 NOTE

Check Details

Version: 0.1.0
Check: LazyData
Result: NOTE 'LazyData' is specified without a 'data' directory Flavors: r-devel-linux-x86_64-debian-clang, r-devel-linux-x86_64-debian-gcc, r-devel-linux-x86_64-fedora-clang, r-devel-linux-x86_64-fedora-gcc, r-devel-windows-x86_64, r-patched-linux-x86_64, r-release-linux-x86_64, r-release-macos-arm64, r-release-macos-x86_64, r-release-windows-x86_64, r-oldrel-macos-arm64, r-oldrel-windows-x86_64

Version: 0.1.0
Check: dependencies in R code
Result: NOTE Namespace in Imports field not imported from: ‘base’ All declared Imports should be used. Flavors: r-devel-linux-x86_64-fedora-clang, r-devel-linux-x86_64-fedora-gcc, r-oldrel-macos-arm64