CRAN Package Check Results for Package SuperpixelImageSegmentation

Last updated on 2024-03-03 16:50:11 CET.

Flavor Version Tinstall Tcheck Ttotal Status Flags
r-devel-linux-x86_64-debian-clang 1.0.5 67.04 44.94 111.98 NOTE
r-devel-linux-x86_64-debian-gcc 1.0.5 53.24 34.61 87.85 NOTE
r-devel-linux-x86_64-fedora-clang 1.0.5 144.56 NOTE
r-devel-linux-x86_64-fedora-gcc 1.0.5 157.74 NOTE
r-devel-windows-x86_64 1.0.5 50.00 79.00 129.00 NOTE
r-patched-linux-x86_64 1.0.5 63.40 44.81 108.21 NOTE
r-release-linux-x86_64 1.0.5 60.06 44.70 104.76 NOTE
r-release-macos-arm64 1.0.5 44.00 NOTE
r-release-macos-x86_64 1.0.5 69.00 NOTE
r-release-windows-x86_64 1.0.5 64.00 90.00 154.00 NOTE
r-oldrel-macos-arm64 1.0.5 42.00 NOTE
r-oldrel-windows-x86_64 1.0.5 61.00 89.00 150.00 OK

Check Details

Version: 1.0.5
Check: C++ specification
Result: NOTE Specified C++11: please drop specification unless essential Flavors: r-devel-linux-x86_64-debian-clang, r-devel-linux-x86_64-debian-gcc, r-devel-linux-x86_64-fedora-clang, r-devel-linux-x86_64-fedora-gcc, r-devel-windows-x86_64, r-patched-linux-x86_64, r-release-linux-x86_64, r-release-macos-arm64, r-release-macos-x86_64, r-release-windows-x86_64

Version: 1.0.5
Check: installed package size
Result: NOTE installed size is 5.8Mb sub-directories of 1Mb or more: libs 5.6Mb Flavors: r-release-macos-arm64, r-release-macos-x86_64, r-oldrel-macos-arm64