CRAN Package Check Results for Package SuperLearner

Last updated on 2020-08-06 04:48:22 CEST.

Flavor Version Tinstall Tcheck Ttotal Status Flags
r-devel-linux-x86_64-debian-clang 2.0-26 5.98 489.57 495.55 NOTE
r-devel-linux-x86_64-debian-gcc 2.0-26 6.29 364.28 370.57 NOTE
r-devel-linux-x86_64-fedora-clang 2.0-26 569.60 NOTE
r-devel-linux-x86_64-fedora-gcc 2.0-26 561.22 NOTE
r-devel-windows-ix86+x86_64 2.0-26 18.00 490.00 508.00 NOTE
r-patched-linux-x86_64 2.0-26 6.46 469.83 476.29 NOTE
r-patched-solaris-x86 2.0-26 979.20 NOTE
r-release-linux-x86_64 2.0-26 6.90 471.03 477.93 NOTE
r-release-macos-x86_64 2.0-26 NOTE
r-release-windows-ix86+x86_64 2.0-26 18.00 511.00 529.00 NOTE
r-oldrel-macos-x86_64 2.0-26 NOTE
r-oldrel-windows-ix86+x86_64 2.0-26 11.00 459.00 470.00 NOTE

Check Details

Version: 2.0-26
Check: dependencies in R code
Result: NOTE
    'library' or 'require' call to 'gam' in package code.
     Please use :: or requireNamespace() instead.
     See section 'Suggested packages' in the 'Writing R Extensions' manual.
Flavors: r-devel-linux-x86_64-debian-clang, r-devel-linux-x86_64-debian-gcc, r-devel-linux-x86_64-fedora-clang, r-devel-linux-x86_64-fedora-gcc, r-devel-windows-ix86+x86_64, r-patched-linux-x86_64, r-patched-solaris-x86, r-release-linux-x86_64, r-release-macos-x86_64, r-release-windows-ix86+x86_64, r-oldrel-macos-x86_64, r-oldrel-windows-ix86+x86_64