Last updated on 2023-11-28 04:57:35 CET.
Flavor | Version | Tinstall | Tcheck | Ttotal | Status | Flags |
---|---|---|---|---|---|---|
r-devel-linux-x86_64-debian-clang | 2.0-28.1 | 7.39 | 372.03 | 379.42 | NOTE | |
r-devel-linux-x86_64-debian-gcc | 2.0-28.1 | 6.14 | 278.63 | 284.77 | NOTE | |
r-devel-linux-x86_64-fedora-clang | 2.0-28.1 | 447.47 | NOTE | |||
r-devel-linux-x86_64-fedora-gcc | 2.0-28.1 | 444.18 | NOTE | |||
r-devel-windows-x86_64 | 2.0-28.1 | 7.00 | 311.00 | 318.00 | NOTE | |
r-patched-linux-x86_64 | 2.0-28.1 | 8.16 | 351.65 | 359.81 | NOTE | |
r-release-linux-x86_64 | 2.0-28.1 | 6.66 | 349.47 | 356.13 | NOTE | |
r-release-macos-arm64 | 2.0-28.1 | 130.00 | NOTE | |||
r-release-macos-x86_64 | 2.0-28.1 | 218.00 | NOTE | |||
r-release-windows-x86_64 | 2.0-28.1 | 10.00 | 375.00 | 385.00 | NOTE | |
r-oldrel-macos-arm64 | 2.0-28.1 | 121.00 | OK | |||
r-oldrel-macos-x86_64 | 2.0-28.1 | 174.00 | OK | |||
r-oldrel-windows-x86_64 | 2.0-28.1 | 9.00 | 617.00 | 626.00 | NOTE |
Version: 2.0-28.1
Check: package dependencies
Result: NOTE
Package suggested but not available for checking: ‘extraTrees’
Flavors: r-devel-linux-x86_64-debian-clang, r-devel-linux-x86_64-debian-gcc, r-devel-linux-x86_64-fedora-clang, r-devel-linux-x86_64-fedora-gcc, r-devel-windows-x86_64, r-patched-linux-x86_64, r-release-linux-x86_64, r-release-macos-arm64, r-release-macos-x86_64, r-release-windows-x86_64, r-oldrel-windows-x86_64
Version: 2.0-28.1
Check: Rd files
Result: NOTE
checkRd: (-1) SL.bartMachine.Rd:41: Lost braces; missing escapes or markup?
41 | contained in the interval (y_{min}, y_{max}), based on a normal
| ^
checkRd: (-1) SL.bartMachine.Rd:41: Lost braces; missing escapes or markup?
41 | contained in the interval (y_{min}, y_{max}), based on a normal
| ^
checkRd: (-1) SL.cforest.Rd:5: Lost braces; missing escapes or markup?
5 | \title{cforest {party}}
| ^
Flavors: r-devel-linux-x86_64-debian-clang, r-devel-linux-x86_64-debian-gcc
Version: 2.0-28.1
Check: Rd cross-references
Result: NOTE
Unknown package ‘extraTrees’ in Rd xrefs
Flavors: r-devel-linux-x86_64-debian-clang, r-devel-linux-x86_64-debian-gcc, r-devel-linux-x86_64-fedora-clang, r-devel-linux-x86_64-fedora-gcc, r-devel-windows-x86_64, r-patched-linux-x86_64, r-release-linux-x86_64, r-release-macos-arm64, r-release-macos-x86_64, r-release-windows-x86_64, r-oldrel-windows-x86_64