CRAN Package Check Results for Package StrucDiv

Last updated on 2024-02-23 16:53:32 CET.

Flavor Version Tinstall Tcheck Ttotal Status Flags
r-devel-linux-x86_64-debian-clang 0.2.1 NOTE
r-devel-linux-x86_64-debian-gcc 0.2.1 442.15 219.56 661.71 NOTE
r-devel-linux-x86_64-fedora-clang 0.2.1 1286.13 NOTE
r-devel-linux-x86_64-fedora-gcc 0.2.1 1223.25 NOTE
r-devel-windows-x86_64 0.2.1 397.00 206.00 603.00 NOTE
r-patched-linux-x86_64 0.2.1 559.17 293.14 852.31 NOTE
r-release-linux-x86_64 0.2.1 550.46 288.09 838.55 NOTE
r-release-macos-arm64 0.2.1 269.00 NOTE
r-release-macos-x86_64 0.2.1 464.00 NOTE
r-release-windows-x86_64 0.2.1 514.00 286.00 800.00 NOTE
r-oldrel-macos-arm64 0.2.1 237.00 NOTE
r-oldrel-windows-x86_64 0.2.1 507.00 282.00 789.00 OK

Check Details

Version: 0.2.1
Check: C++ specification
Result: NOTE Specified C++11: please drop specification unless essential Flavors: r-devel-linux-x86_64-debian-clang, r-devel-linux-x86_64-debian-gcc, r-devel-linux-x86_64-fedora-clang, r-devel-linux-x86_64-fedora-gcc, r-devel-windows-x86_64, r-patched-linux-x86_64, r-release-linux-x86_64, r-release-macos-arm64, r-release-macos-x86_64, r-release-windows-x86_64

Version: 0.2.1
Check: installed package size
Result: NOTE installed size is 12.0Mb sub-directories of 1Mb or more: libs 11.0Mb Flavors: r-release-macos-arm64, r-release-macos-x86_64, r-oldrel-macos-arm64