Last updated on 2023-12-10 04:56:14 CET.
Flavor | Version | Tinstall | Tcheck | Ttotal | Status | Flags |
---|---|---|---|---|---|---|
r-devel-linux-x86_64-debian-clang | 0.1.0 | 16.76 | 145.95 | 162.71 | OK | |
r-devel-linux-x86_64-debian-gcc | 0.1.0 | 13.17 | 107.79 | 120.96 | OK | |
r-devel-linux-x86_64-fedora-clang | 0.1.0 | 152.00 | NOTE | |||
r-devel-linux-x86_64-fedora-gcc | 0.1.0 | 142.85 | NOTE | |||
r-devel-windows-x86_64 | 0.1.0 | 16.00 | 123.00 | 139.00 | OK | |
r-patched-linux-x86_64 | 0.1.0 | 16.89 | 139.32 | 156.21 | OK | |
r-release-linux-x86_64 | 0.1.0 | 13.21 | 135.17 | 148.38 | OK | |
r-release-macos-arm64 | 0.1.0 | 61.00 | OK | |||
r-release-macos-x86_64 | 0.1.0 | 95.00 | OK | |||
r-release-windows-x86_64 | 0.1.0 | 20.00 | 152.00 | 172.00 | OK | |
r-oldrel-macos-arm64 | 0.1.0 | 56.00 | NOTE | |||
r-oldrel-macos-x86_64 | 0.1.0 | 93.00 | NOTE | |||
r-oldrel-windows-x86_64 | 0.1.0 | 20.00 | 152.00 | 172.00 | OK |
Version: 0.1.0
Check: dependencies in R code
Result: NOTE
Namespaces in Imports field not imported from:
‘broom’ ‘car’ ‘lmerTest’ ‘pbkrtest’
All declared Imports should be used.
Flavors: r-devel-linux-x86_64-fedora-clang, r-devel-linux-x86_64-fedora-gcc, r-oldrel-macos-arm64, r-oldrel-macos-x86_64