CRAN Package Check Results for Package StroupGLMM

Last updated on 2024-06-13 16:49:27 CEST.

Flavor Version Tinstall Tcheck Ttotal Status Flags
r-devel-linux-x86_64-debian-clang 0.1.0 15.19 145.73 160.92 OK
r-devel-linux-x86_64-debian-gcc 0.1.0 0.39 1.76 2.15 ERROR
r-devel-linux-x86_64-fedora-clang 0.1.0 203.06 NOTE
r-devel-linux-x86_64-fedora-gcc 0.1.0 187.61 NOTE
r-devel-windows-x86_64 0.1.0 15.00 119.00 134.00 OK
r-patched-linux-x86_64 0.1.0 16.17 139.20 155.37 OK
r-release-linux-x86_64 0.1.0 15.02 140.16 155.18 OK
r-release-macos-arm64 0.1.0 52.00 OK
r-release-macos-x86_64 0.1.0 79.00 OK
r-release-windows-x86_64 0.1.0 17.00 122.00 139.00 OK
r-oldrel-macos-arm64 0.1.0 61.00 OK
r-oldrel-macos-x86_64 0.1.0 95.00 OK
r-oldrel-windows-x86_64 0.1.0 19.00 168.00 187.00 OK

Check Details

Version: 0.1.0
Check: package dependencies
Result: ERROR Packages required but not available: 'broom', 'car', 'ggplot2', 'lme4', 'lmerTest', 'pbkrtest', 'phia' See section ‘The DESCRIPTION file’ in the ‘Writing R Extensions’ manual. Flavor: r-devel-linux-x86_64-debian-gcc

Version: 0.1.0
Check: dependencies in R code
Result: NOTE Namespaces in Imports field not imported from: ‘broom’ ‘car’ ‘lmerTest’ ‘pbkrtest’ All declared Imports should be used. Flavors: r-devel-linux-x86_64-fedora-clang, r-devel-linux-x86_64-fedora-gcc