Last updated on 2023-12-04 05:09:23 CET.
Flavor | Version | Tinstall | Tcheck | Ttotal | Status | Flags |
---|---|---|---|---|---|---|
r-devel-linux-x86_64-debian-clang | 0.2.2 | 11.10 | 89.03 | 100.13 | NOTE | |
r-devel-linux-x86_64-debian-gcc | 0.2.2 | 8.74 | 66.44 | 75.18 | NOTE | |
r-devel-linux-x86_64-fedora-clang | 0.2.2 | 122.96 | NOTE | |||
r-devel-linux-x86_64-fedora-gcc | 0.2.2 | 117.26 | NOTE | |||
r-devel-windows-x86_64 | 0.2.2 | 9.00 | 78.00 | 87.00 | NOTE | |
r-patched-linux-x86_64 | 0.2.2 | 12.33 | 84.59 | 96.92 | NOTE | |
r-release-linux-x86_64 | 0.2.2 | 8.76 | 85.67 | 94.43 | NOTE | |
r-release-macos-arm64 | 0.2.2 | 39.00 | NOTE | |||
r-release-macos-x86_64 | 0.2.2 | 66.00 | NOTE | |||
r-release-windows-x86_64 | 0.2.2 | 13.00 | 93.00 | 106.00 | NOTE | |
r-oldrel-macos-arm64 | 0.2.2 | 36.00 | NOTE | |||
r-oldrel-macos-x86_64 | 0.2.2 | 73.00 | NOTE | |||
r-oldrel-windows-x86_64 | 0.2.2 | 13.00 | 98.00 | 111.00 | NOTE |
Version: 0.2.2
Check: LazyData
Result: NOTE
'LazyData' is specified without a 'data' directory
Flavors: r-devel-linux-x86_64-debian-clang, r-devel-linux-x86_64-debian-gcc, r-devel-linux-x86_64-fedora-clang, r-devel-linux-x86_64-fedora-gcc, r-devel-windows-x86_64, r-patched-linux-x86_64, r-release-linux-x86_64, r-release-macos-arm64, r-release-macos-x86_64, r-release-windows-x86_64, r-oldrel-macos-arm64, r-oldrel-macos-x86_64, r-oldrel-windows-x86_64