CRAN Package Check Results for Package StratifiedRF

Last updated on 2024-07-21 16:52:24 CEST.

Flavor Version Tinstall Tcheck Ttotal Status Flags
r-devel-linux-x86_64-debian-clang 0.2.2 10.35 90.93 101.28 NOTE
r-devel-linux-x86_64-debian-gcc 0.2.2 8.65 66.19 74.84 NOTE
r-devel-linux-x86_64-fedora-clang 0.2.2 130.09 NOTE
r-devel-linux-x86_64-fedora-gcc 0.2.2 127.80 NOTE
r-devel-windows-x86_64 0.2.2 11.00 78.00 89.00 NOTE
r-patched-linux-x86_64 0.2.2 9.50 83.91 93.41 NOTE
r-release-linux-x86_64 0.2.2 8.55 84.39 92.94 NOTE
r-release-macos-arm64 0.2.2 36.00 NOTE
r-release-macos-x86_64 0.2.2 53.00 NOTE
r-release-windows-x86_64 0.2.2 9.00 78.00 87.00 NOTE
r-oldrel-macos-arm64 0.2.2 39.00 NOTE
r-oldrel-macos-x86_64 0.2.2 66.00 NOTE
r-oldrel-windows-x86_64 0.2.2 13.00 93.00 106.00 NOTE

Check Details

Version: 0.2.2
Check: LazyData
Result: NOTE 'LazyData' is specified without a 'data' directory Flavors: r-devel-linux-x86_64-debian-clang, r-devel-linux-x86_64-debian-gcc, r-devel-linux-x86_64-fedora-clang, r-devel-linux-x86_64-fedora-gcc, r-devel-windows-x86_64, r-patched-linux-x86_64, r-release-linux-x86_64, r-release-macos-arm64, r-release-macos-x86_64, r-release-windows-x86_64, r-oldrel-macos-arm64, r-oldrel-macos-x86_64, r-oldrel-windows-x86_64