Last updated on 2023-09-28 05:57:02 CEST.
Flavor | Version | Tinstall | Tcheck | Ttotal | Status | Flags |
---|---|---|---|---|---|---|
r-devel-linux-x86_64-debian-clang | 2.26.28 | 34.05 | 520.42 | 554.47 | NOTE | |
r-devel-linux-x86_64-debian-gcc | 2.26.28 | 28.51 | 385.34 | 413.85 | NOTE | |
r-devel-linux-x86_64-fedora-clang | 2.26.28 | 656.07 | NOTE | |||
r-devel-linux-x86_64-fedora-gcc | 2.26.28 | 801.17 | NOTE | |||
r-devel-windows-x86_64 | 2.26.28 | 50.00 | 456.00 | 506.00 | NOTE | |
r-patched-linux-x86_64 | 2.26.28 | 33.39 | 573.72 | 607.11 | NOTE | |
r-release-linux-x86_64 | 2.26.28 | 33.10 | 572.92 | 606.02 | NOTE | |
r-release-macos-arm64 | 2.26.28 | 205.00 | NOTE | |||
r-release-macos-x86_64 | 2.26.28 | 355.00 | NOTE | |||
r-release-windows-x86_64 | 2.26.28 | 64.00 | 639.00 | 703.00 | NOTE | |
r-oldrel-macos-arm64 | 2.26.28 | 144.00 | NOTE | |||
r-oldrel-macos-x86_64 | 2.26.28 | 236.00 | NOTE | |||
r-oldrel-windows-x86_64 | 2.26.28 | 60.00 | 720.00 | 780.00 | NOTE |
Version: 2.26.28
Check: for GNU extensions in Makefiles
Result: NOTE
GNU make is a SystemRequirements.
Flavors: r-devel-linux-x86_64-debian-clang, r-devel-linux-x86_64-debian-gcc, r-devel-linux-x86_64-fedora-clang, r-devel-linux-x86_64-fedora-gcc, r-devel-windows-x86_64, r-patched-linux-x86_64, r-release-linux-x86_64, r-release-macos-arm64, r-release-macos-x86_64, r-release-windows-x86_64, r-oldrel-macos-arm64, r-oldrel-macos-x86_64, r-oldrel-windows-x86_64
Version: 2.26.28
Check: installed package size
Result: NOTE
installed size is 15.6Mb
sub-directories of 1Mb or more:
include 12.5Mb
Flavors: r-devel-linux-x86_64-fedora-clang, r-devel-windows-x86_64, r-release-macos-arm64, r-release-macos-x86_64, r-release-windows-x86_64, r-oldrel-macos-arm64, r-oldrel-macos-x86_64, r-oldrel-windows-x86_64