CRAN Package Check Results for Package StMoSim

Last updated on 2020-10-25 15:48:59 CET.

Flavor Version Tinstall Tcheck Ttotal Status Flags
r-devel-linux-x86_64-debian-clang 3.1.1 22.40 25.69 48.09 NOTE
r-devel-linux-x86_64-debian-gcc 3.1.1 14.21 20.31 34.52 NOTE
r-devel-linux-x86_64-fedora-clang 3.1.1 71.60 NOTE
r-devel-linux-x86_64-fedora-gcc 3.1.1 57.21 NOTE
r-devel-windows-ix86+x86_64 3.1.1 51.00 66.00 117.00 NOTE
r-patched-linux-x86_64 3.1.1 19.41 24.57 43.98 NOTE
r-patched-solaris-x86 3.1.1 73.10 NOTE
r-release-linux-x86_64 3.1.1 18.78 24.94 43.72 NOTE
r-release-macos-x86_64 3.1.1 NOTE
r-release-windows-ix86+x86_64 3.1.1 39.00 53.00 92.00 NOTE
r-oldrel-macos-x86_64 3.1.1 NOTE
r-oldrel-windows-ix86+x86_64 3.1.1 45.00 50.00 95.00 NOTE

Check Details

Version: 3.1.1
Check: for GNU extensions in Makefiles
Result: NOTE
    GNU make is a SystemRequirements.
Flavors: r-devel-linux-x86_64-debian-clang, r-devel-linux-x86_64-debian-gcc, r-devel-linux-x86_64-fedora-clang, r-devel-linux-x86_64-fedora-gcc, r-devel-windows-ix86+x86_64, r-patched-linux-x86_64, r-patched-solaris-x86, r-release-linux-x86_64, r-release-macos-x86_64, r-release-windows-ix86+x86_64, r-oldrel-macos-x86_64, r-oldrel-windows-ix86+x86_64