CRAN Package Check Results for Package StMoMo

Last updated on 2024-03-04 16:49:09 CET.

Flavor Version Tinstall Tcheck Ttotal Status Flags
r-devel-linux-x86_64-debian-clang 0.4.1 17.04 225.72 242.76 OK
r-devel-linux-x86_64-debian-gcc 0.4.1 13.92 165.21 179.13 OK
r-devel-linux-x86_64-fedora-clang 0.4.1 311.60 OK
r-devel-linux-x86_64-fedora-gcc 0.4.1 318.02 OK
r-devel-windows-x86_64 0.4.1 16.00 227.00 243.00 OK
r-patched-linux-x86_64 0.4.1 16.31 214.56 230.87 OK
r-release-linux-x86_64 0.4.1 13.38 217.73 231.11 OK
r-release-macos-arm64 0.4.1 115.00 OK
r-release-macos-x86_64 0.4.1 173.00 NOTE
r-release-windows-x86_64 0.4.1 23.00 249.00 272.00 OK
r-oldrel-macos-arm64 0.4.1 104.00 OK
r-oldrel-windows-x86_64 0.4.1 22.00 235.00 257.00 OK

Check Details

Version: 0.4.1
Check: re-building of vignette outputs
Result: NOTE Error(s) in re-building vignettes: ... --- re-building ‘StMoMoVignette.Rnw’ using Sweave Loading required package: gnm Loading required package: forecast Error: processing vignette 'StMoMoVignette.Rnw' failed with diagnostics: Running 'texi2dvi' on 'StMoMoVignette.tex' failed. LaTeX errors: ! LaTeX Error: File `ctable.sty' not found. Type X to quit or <RETURN> to proceed, or enter new name. (Default extension: sty) ! Emergency stop. <read *> l.7 \usepackage [caption = false]{subfig}^^M ! ==> Fatal error occurred, no output PDF file produced! --- failed re-building 'StMoMoVignette.Rnw' SUMMARY: processing the following file failed: 'StMoMoVignette.Rnw' Error: Vignette re-building failed. Execution halted Flavor: r-release-macos-x86_64