CRAN Package Check Results for Package SpatialEpiApp

Last updated on 2020-08-04 03:48:05 CEST.

Flavor Version Tinstall Tcheck Ttotal Status Flags
r-devel-linux-x86_64-debian-clang 0.3 2.67 21.42 24.09 NOTE
r-devel-linux-x86_64-debian-gcc 0.3 1.94 16.86 18.80 NOTE
r-devel-linux-x86_64-fedora-clang 0.3 38.09 NOTE
r-devel-linux-x86_64-fedora-gcc 0.3 28.66 NOTE
r-devel-windows-ix86+x86_64 0.3 17.00 33.00 50.00 OK
r-patched-linux-x86_64 0.3 1.61 21.73 23.34 NOTE
r-patched-solaris-x86 0.3 46.30 NOTE
r-release-linux-x86_64 0.3 2.15 21.79 23.94 NOTE
r-release-macos-x86_64 0.3 NOTE
r-release-windows-ix86+x86_64 0.3 17.00 48.00 65.00 OK
r-oldrel-macos-x86_64 0.3 NOTE
r-oldrel-windows-ix86+x86_64 0.3 8.00 33.00 41.00 OK

Check Details

Version: 0.3
Check: package dependencies
Result: NOTE
    Package suggested but not available for checking: 'INLA'
Flavors: r-devel-linux-x86_64-debian-clang, r-devel-linux-x86_64-debian-gcc, r-patched-linux-x86_64, r-patched-solaris-x86, r-release-linux-x86_64, r-release-macos-x86_64, r-oldrel-macos-x86_64

Version: 0.3
Check: dependencies in R code
Result: NOTE
    Namespaces in Imports field not imported from:
     ‘RColorBrewer’ ‘SpatialEpi’ ‘dplyr’ ‘dygraphs’ ‘ggplot2’
     ‘htmlwidgets’ ‘knitr’ ‘leaflet’ ‘mapproj’ ‘maptools’ ‘rgdal’ ‘rgeos’
     ‘rmarkdown’ ‘shinyjs’ ‘spdep’ ‘xts’
     All declared Imports should be used.
Flavors: r-devel-linux-x86_64-fedora-clang, r-devel-linux-x86_64-fedora-gcc, r-patched-solaris-x86, r-release-macos-x86_64, r-oldrel-macos-x86_64