CRAN Package Check Results for Package SpaDES

Last updated on 2020-08-07 15:48:56 CEST.

Flavor Version Tinstall Tcheck Ttotal Status Flags
r-devel-linux-x86_64-debian-clang 2.0.4 2.66 2.66 ERROR
r-devel-linux-x86_64-debian-gcc 2.0.4 2.05 2.05 ERROR
r-devel-linux-x86_64-fedora-clang 2.0.4 10.79 ERROR
r-devel-linux-x86_64-fedora-gcc 2.0.4 2.67 ERROR
r-devel-windows-ix86+x86_64 2.0.4 70.00 155.00 225.00 OK
r-patched-linux-x86_64 2.0.4 3.03 3.03 ERROR
r-patched-solaris-x86 2.0.4 5.10 ERROR
r-release-linux-x86_64 2.0.4 2.78 2.78 ERROR
r-release-macos-x86_64 2.0.4 OK
r-release-windows-ix86+x86_64 2.0.4 43.00 164.00 207.00 OK
r-oldrel-macos-x86_64 2.0.4 WARN
r-oldrel-windows-ix86+x86_64 2.0.4 35.00 126.00 161.00 OK

Check Details

Version: 2.0.4
Check: package dependencies
Result: ERROR
    Packages required but not available:
     'reproducible', 'SpaDES.addins', 'SpaDES.core', 'SpaDES.tools'
    
    See section 'The DESCRIPTION file' in the 'Writing R Extensions'
    manual.
Flavors: r-devel-linux-x86_64-debian-clang, r-devel-linux-x86_64-debian-gcc, r-devel-linux-x86_64-fedora-clang, r-devel-linux-x86_64-fedora-gcc, r-patched-linux-x86_64, r-patched-solaris-x86, r-release-linux-x86_64

Version: 2.0.4
Check: dependencies in R code
Result: NOTE
    No protocol specified
    No protocol specified
Flavor: r-oldrel-macos-x86_64

Version: 2.0.4
Check: S3 generic/method consistency
Result: WARN
    No protocol specified
    No protocol specified
    See section ‘Generic functions and methods’ in the ‘Writing R
    Extensions’ manual.
Flavor: r-oldrel-macos-x86_64

Version: 2.0.4
Check: replacement functions
Result: WARN
    No protocol specified
    No protocol specified
    The argument of a replacement function which corresponds to the right
    hand side must be named ‘value’.
Flavor: r-oldrel-macos-x86_64

Version: 2.0.4
Check: foreign function calls
Result: NOTE
    No protocol specified
    No protocol specified
    See chapter ‘System and foreign language interfaces’ in the ‘Writing R
    Extensions’ manual.
Flavor: r-oldrel-macos-x86_64

Version: 2.0.4
Check: R code for possible problems
Result: NOTE
    No protocol specified
    No protocol specified
Flavor: r-oldrel-macos-x86_64

Version: 2.0.4
Check: for missing documentation entries
Result: WARN
    No protocol specified
    No protocol specified
    All user-level objects in a package should have documentation entries.
    See chapter ‘Writing R documentation files’ in the ‘Writing R
    Extensions’ manual.
Flavor: r-oldrel-macos-x86_64

Version: 2.0.4
Check: for code/documentation mismatches
Result: WARN
    No protocol specified
    No protocol specified
    No protocol specified
    No protocol specified
    No protocol specified
    No protocol specified
Flavor: r-oldrel-macos-x86_64

Version: 2.0.4
Check: Rd \usage sections
Result: NOTE
    No protocol specified
    No protocol specified
    The \usage entries for S3 methods should use the \method markup and not
    their full name.
    See chapter ‘Writing R documentation files’ in the ‘Writing R
    Extensions’ manual.
Flavor: r-oldrel-macos-x86_64