CRAN Package Check Results for Package Sojourn

Last updated on 2020-08-07 15:48:56 CEST.

Flavor Version Tinstall Tcheck Ttotal Status Flags
r-devel-linux-x86_64-debian-clang 0.1.0 4.11 79.13 83.24 OK
r-devel-linux-x86_64-debian-gcc 0.1.0 5.56 59.42 64.98 OK
r-devel-linux-x86_64-fedora-clang 0.1.0 108.58 NOTE
r-devel-linux-x86_64-fedora-gcc 0.1.0 98.31 NOTE
r-devel-windows-ix86+x86_64 0.1.0 27.00 122.00 149.00 OK
r-patched-linux-x86_64 0.1.0 6.51 77.45 83.96 OK
r-patched-solaris-x86 0.1.0 141.60 NOTE
r-release-linux-x86_64 0.1.0 5.54 76.17 81.71 OK
r-release-macos-x86_64 0.1.0 NOTE
r-release-windows-ix86+x86_64 0.1.0 16.00 94.00 110.00 OK
r-oldrel-macos-x86_64 0.1.0 NOTE
r-oldrel-windows-ix86+x86_64 0.1.0 17.00 78.00 95.00 OK

Check Details

Version: 0.1.0
Check: dependencies in R code
Result: NOTE
    Namespaces in Imports field not imported from:
     ‘AGread’ ‘caret’
     All declared Imports should be used.
Flavors: r-devel-linux-x86_64-fedora-clang, r-devel-linux-x86_64-fedora-gcc, r-patched-solaris-x86, r-release-macos-x86_64, r-oldrel-macos-x86_64