CRAN Package Check Results for Package SmarterPoland

Last updated on 2020-08-15 03:48:19 CEST.

Flavor Version Tinstall Tcheck Ttotal Status Flags
r-devel-linux-x86_64-debian-clang 1.7 14.74 49.37 64.11 OK
r-devel-linux-x86_64-debian-gcc 1.7 13.68 38.62 52.30 OK
r-devel-linux-x86_64-fedora-clang 1.7 90.12 NOTE
r-devel-linux-x86_64-fedora-gcc 1.7 78.61 NOTE
r-devel-windows-ix86+x86_64 1.7 34.00 59.00 93.00 NOTE
r-patched-linux-x86_64 1.7 14.63 47.88 62.51 OK
r-patched-solaris-x86 1.7 131.70 NOTE
r-release-linux-x86_64 1.7 14.22 47.21 61.43 OK
r-release-macos-x86_64 1.7 NOTE
r-release-windows-ix86+x86_64 1.7 33.00 60.00 93.00 NOTE
r-oldrel-macos-x86_64 1.7 NOTE
r-oldrel-windows-ix86+x86_64 1.7 22.00 58.00 80.00 NOTE

Check Details

Version: 1.7
Check: installed package size
Result: NOTE
     installed size is 8.2Mb
     sub-directories of 1Mb or more:
     data 8.1Mb
Flavors: r-devel-linux-x86_64-fedora-clang, r-devel-windows-ix86+x86_64, r-patched-solaris-x86, r-release-macos-x86_64, r-release-windows-ix86+x86_64, r-oldrel-macos-x86_64, r-oldrel-windows-ix86+x86_64

Version: 1.7
Check: data for non-ASCII characters
Result: NOTE
     Note: found 1122 marked UTF-8 strings
Flavors: r-devel-linux-x86_64-fedora-clang, r-devel-linux-x86_64-fedora-gcc, r-patched-solaris-x86, r-release-macos-x86_64, r-oldrel-macos-x86_64