Last updated on 2023-11-28 16:48:34 CET.
Flavor | Version | Tinstall | Tcheck | Ttotal | Status | Flags |
---|---|---|---|---|---|---|
r-devel-linux-x86_64-debian-clang | 1.0-3 | 5.26 | 286.17 | 291.43 | OK | |
r-devel-linux-x86_64-debian-gcc | 1.0-3 | 4.31 | 216.27 | 220.58 | OK | |
r-devel-linux-x86_64-fedora-clang | 1.0-3 | 367.07 | NOTE | |||
r-devel-linux-x86_64-fedora-gcc | 1.0-3 | 375.42 | OK | |||
r-devel-windows-x86_64 | 1.0-3 | 9.00 | 493.00 | 502.00 | NOTE | |
r-patched-linux-x86_64 | 1.0-3 | 9.77 | 273.10 | 282.87 | OK | |
r-release-linux-x86_64 | 1.0-3 | 4.85 | 271.53 | 276.38 | OK | |
r-release-macos-arm64 | 1.0-3 | 136.00 | NOTE | |||
r-release-macos-x86_64 | 1.0-3 | 308.00 | NOTE | |||
r-release-windows-x86_64 | 1.0-3 | 12.00 | 692.00 | 704.00 | NOTE | |
r-oldrel-macos-arm64 | 1.0-3 | 109.00 | NOTE | |||
r-oldrel-macos-x86_64 | 1.0-3 | 130.00 | NOTE | |||
r-oldrel-windows-x86_64 | 1.0-3 | 14.00 | 461.00 | 475.00 | NOTE |
Version: 1.0-3
Check: installed package size
Result: NOTE
installed size is 5.1Mb
sub-directories of 1Mb or more:
doc 3.7Mb
Flavors: r-devel-linux-x86_64-fedora-clang, r-devel-windows-x86_64, r-release-macos-arm64, r-release-macos-x86_64, r-release-windows-x86_64, r-oldrel-macos-arm64, r-oldrel-macos-x86_64, r-oldrel-windows-x86_64