CRAN Package Check Results for Package SimReg

Last updated on 2020-08-11 15:48:50 CEST.

Flavor Version Tinstall Tcheck Ttotal Status Flags
r-devel-linux-x86_64-debian-clang 3.0 37.47 173.39 210.86 OK
r-devel-linux-x86_64-debian-gcc 3.0 26.37 124.03 150.40 OK
r-devel-linux-x86_64-fedora-clang 3.0 251.64 NOTE
r-devel-linux-x86_64-fedora-gcc 3.0 238.76 NOTE
r-devel-windows-ix86+x86_64 3.0 93.00 250.00 343.00 OK
r-patched-linux-x86_64 3.0 26.81 168.06 194.87 OK
r-patched-solaris-x86 3.0 311.50 NOTE
r-release-linux-x86_64 3.0 28.88 167.59 196.47 OK
r-release-macos-x86_64 3.0 NOTE
r-release-windows-ix86+x86_64 3.0 93.00 255.00 348.00 OK
r-oldrel-macos-x86_64 3.0 NOTE
r-oldrel-windows-ix86+x86_64 3.0 61.00 184.00 245.00 OK

Check Details

Version: 3.0
Check: dependencies in R code
Result: NOTE
    Namespace in Imports field not imported from: ‘Rcpp’
     All declared Imports should be used.
Flavors: r-devel-linux-x86_64-fedora-clang, r-devel-linux-x86_64-fedora-gcc, r-patched-solaris-x86, r-release-macos-x86_64, r-oldrel-macos-x86_64

Version: 3.0
Check: compiled code
Result: NOTE
    File ‘SimReg/libs/SimReg.so’:
     Found no calls to: ‘R_registerRoutines’, ‘R_useDynamicSymbols’
    
    It is good practice to register native routines and to disable symbol
    search.
    
    See ‘Writing portable packages’ in the ‘Writing R Extensions’ manual.
Flavors: r-devel-linux-x86_64-fedora-clang, r-devel-linux-x86_64-fedora-gcc