CRAN Package Check Results for Package SimMultiCorrData

Last updated on 2020-08-10 06:47:42 CEST.

Flavor Version Tinstall Tcheck Ttotal Status Flags
r-devel-linux-x86_64-debian-clang 0.2.2 29.36 419.59 448.95 OK
r-devel-linux-x86_64-debian-gcc 0.2.2 24.66 302.66 327.32 OK
r-devel-linux-x86_64-fedora-clang 0.2.2 509.13 NOTE
r-devel-linux-x86_64-fedora-gcc 0.2.2 506.82 OK
r-devel-windows-ix86+x86_64 0.2.2 44.00 515.00 559.00 OK
r-patched-linux-x86_64 0.2.2 26.76 403.92 430.68 OK
r-patched-solaris-x86 0.2.2 695.10 OK
r-release-linux-x86_64 0.2.2 28.20 406.36 434.56 OK
r-release-macos-x86_64 0.2.2 OK
r-release-windows-ix86+x86_64 0.2.2 61.00 510.00 571.00 OK
r-oldrel-macos-x86_64 0.2.2 OK
r-oldrel-windows-ix86+x86_64 0.2.2 39.00 365.00 404.00 OK

Check Details

Version: 0.2.2
Check: Rd cross-references
Result: NOTE
    Undeclared packages ‘BinNonNor’, ‘PoisNor’, ‘PoisBinOrdNor’, ‘PoisBinOrdNonNor’ in Rd xrefs
Flavor: r-devel-linux-x86_64-fedora-clang