CRAN Package Check Results for Package SimHaz

Last updated on 2024-02-26 04:49:40 CET.

Flavor Version Tinstall Tcheck Ttotal Status Flags
r-devel-linux-x86_64-debian-clang 0.1 8.22 69.55 77.77 NOTE
r-devel-linux-x86_64-debian-gcc 0.1 5.89 53.64 59.53 NOTE
r-devel-linux-x86_64-fedora-clang 0.1 95.58 NOTE
r-devel-linux-x86_64-fedora-gcc 0.1 91.87 NOTE
r-devel-windows-x86_64 0.1 7.00 70.00 77.00 OK
r-patched-linux-x86_64 0.1 7.38 69.00 76.38 NOTE
r-release-linux-x86_64 0.1 8.34 70.19 78.53 NOTE
r-release-macos-arm64 0.1 35.00 OK
r-release-macos-x86_64 0.1 50.00 OK
r-release-windows-x86_64 0.1 9.00 80.00 89.00 OK
r-oldrel-macos-arm64 0.1 29.00 OK
r-oldrel-windows-x86_64 0.1 10.00 85.00 95.00 OK

Check Details

Version: 0.1
Check: for non-standard things in the check directory
Result: NOTE Found the following files/directories: ‘database.csv’ ‘output.csv’ ‘output_clst.csv’ Flavors: r-devel-linux-x86_64-debian-clang, r-devel-linux-x86_64-debian-gcc, r-devel-linux-x86_64-fedora-clang, r-devel-linux-x86_64-fedora-gcc, r-patched-linux-x86_64, r-release-linux-x86_64