CRAN Package Check Results for Package SimCorrMix

Last updated on 2020-08-10 06:47:42 CEST.

Flavor Version Tinstall Tcheck Ttotal Status Flags
r-devel-linux-x86_64-debian-clang 0.1.1 18.01 219.22 237.23 OK
r-devel-linux-x86_64-debian-gcc 0.1.1 16.51 160.16 176.67 OK
r-devel-linux-x86_64-fedora-clang 0.1.1 275.59 NOTE
r-devel-linux-x86_64-fedora-gcc 0.1.1 270.81 NOTE
r-devel-windows-ix86+x86_64 0.1.1 42.00 288.00 330.00 OK
r-patched-linux-x86_64 0.1.1 17.18 208.63 225.81 OK
r-patched-solaris-x86 0.1.1 358.30 NOTE
r-release-linux-x86_64 0.1.1 17.57 205.02 222.59 OK
r-release-macos-x86_64 0.1.1 NOTE
r-release-windows-ix86+x86_64 0.1.1 43.00 284.00 327.00 OK
r-oldrel-macos-x86_64 0.1.1 NOTE
r-oldrel-windows-ix86+x86_64 0.1.1 26.00 195.00 221.00 OK

Check Details

Version: 0.1.1
Check: dependencies in R code
Result: NOTE
    Namespaces in Imports field not imported from:
     ‘MASS’ ‘grid’
     All declared Imports should be used.
Flavors: r-devel-linux-x86_64-fedora-clang, r-devel-linux-x86_64-fedora-gcc, r-patched-solaris-x86, r-release-macos-x86_64, r-oldrel-macos-x86_64

Version: 0.1.1
Check: Rd cross-references
Result: NOTE
    Undeclared packages ‘GenOrd’, ‘PoisNor’ in Rd xrefs
Flavor: r-devel-linux-x86_64-fedora-clang