CRAN Package Check Results for Package Sim.DiffProc

Last updated on 2020-08-08 03:50:54 CEST.

Flavor Version Tinstall Tcheck Ttotal Status Flags
r-devel-linux-x86_64-debian-clang 4.6 25.90 264.56 290.46 OK
r-devel-linux-x86_64-debian-gcc 4.6 22.08 192.93 215.01 OK
r-devel-linux-x86_64-fedora-clang 4.6 346.12 NOTE
r-devel-linux-x86_64-fedora-gcc 4.6 340.85 OK
r-devel-windows-ix86+x86_64 4.6 51.00 475.00 526.00 OK
r-patched-linux-x86_64 4.6 24.88 259.67 284.55 OK
r-patched-solaris-x86 4.6 565.10 OK
r-release-linux-x86_64 4.6 25.21 259.15 284.36 OK
r-release-macos-x86_64 4.6 OK
r-release-windows-ix86+x86_64 4.6 51.00 412.00 463.00 OK
r-oldrel-macos-x86_64 4.6 OK
r-oldrel-windows-ix86+x86_64 4.6 38.00 349.00 387.00 OK

Check Details

Version: 4.6
Check: Rd cross-references
Result: NOTE
    Undeclared packages ‘sde’, ‘fptdApprox’, ‘DiffusionRgqd’, ‘ks’, ‘yuima’ in Rd xrefs
Flavor: r-devel-linux-x86_64-fedora-clang