CRAN Package Check Results for Package Signac

Last updated on 2023-12-08 05:02:18 CET.

Flavor Version Tinstall Tcheck Ttotal Status Flags
r-devel-linux-x86_64-debian-clang 1.12.0 94.62 439.14 533.76 NOTE
r-devel-linux-x86_64-debian-gcc 1.12.0 67.29 325.76 393.05 NOTE
r-devel-linux-x86_64-fedora-clang 1.12.0 733.50 NOTE
r-devel-linux-x86_64-fedora-gcc 1.12.0 679.60 NOTE
r-devel-windows-x86_64 1.12.0 78.00 352.00 430.00 OK
r-patched-linux-x86_64 1.12.0 73.42 425.40 498.82 NOTE
r-release-linux-x86_64 1.12.0 57.08 415.31 472.39 NOTE
r-release-macos-arm64 1.12.0 165.00 NOTE
r-release-macos-x86_64 1.12.0 338.00 NOTE
r-release-windows-x86_64 1.12.0 108.00 451.00 559.00 OK
r-oldrel-macos-arm64 1.12.0 178.00 NOTE
r-oldrel-macos-x86_64 1.11.0 213.00 OK
r-oldrel-windows-x86_64 1.12.0 102.00 423.00 525.00 OK

Check Details

Version: 1.12.0
Check: package dependencies
Result: NOTE Packages suggested but not available for checking: 'ggseqlogo', 'qlcMatrix' Flavors: r-devel-linux-x86_64-debian-clang, r-devel-linux-x86_64-debian-gcc, r-devel-linux-x86_64-fedora-gcc, r-patched-linux-x86_64, r-release-linux-x86_64

Version: 1.12.0
Check: Rd cross-references
Result: NOTE Unknown package ‘ggseqlogo’ in Rd xrefs Flavors: r-devel-linux-x86_64-debian-clang, r-devel-linux-x86_64-debian-gcc, r-devel-linux-x86_64-fedora-clang, r-devel-linux-x86_64-fedora-gcc, r-patched-linux-x86_64, r-release-linux-x86_64

Version: 1.12.0
Check: package dependencies
Result: NOTE Packages suggested but not available for checking: 'ggseqlogo', 'qlcMatrix' Imports includes 26 non-default packages. Importing from so many packages makes the package vulnerable to any of them becoming unavailable. Move as many as possible to Suggests and use conditionally. Flavor: r-devel-linux-x86_64-fedora-clang

Version: 1.12.0
Check: package dependencies
Result: NOTE Packages suggested but not available for checking: 'chromVAR', 'TFBSTools', 'motifmatchr' Flavors: r-release-macos-arm64, r-release-macos-x86_64, r-oldrel-macos-arm64

Version: 1.12.0
Check: installed package size
Result: NOTE installed size is 5.0Mb sub-directories of 1Mb or more: R 2.0Mb libs 1.9Mb Flavors: r-release-macos-arm64, r-release-macos-x86_64

Version: 1.12.0
Check: Rd cross-references
Result: NOTE Packages unavailable to check Rd xrefs: ‘motifmatchr’, ‘TFBSTools’, ‘chromVAR’ Flavors: r-release-macos-arm64, r-release-macos-x86_64, r-oldrel-macos-arm64